{"id":2124,"date":"2020-09-28T11:22:27","date_gmt":"2020-09-28T09:22:27","guid":{"rendered":"http:\/\/www.oagvm.sk\/wphu\/?page_id=2124"},"modified":"2020-09-28T11:28:34","modified_gmt":"2020-09-28T09:28:34","slug":"2020-2","status":"publish","type":"page","link":"http:\/\/www.oagvm.sk\/wphu\/?page_id=2124","title":{"rendered":"\u00c9retts\u00e9giz\u0151k &#8211; 2020"},"content":{"rendered":"<p align=\"center\"><img loading=\"lazy\" decoding=\"async\" class=\"wp-image-506 size-full\" src=\"http:\/\/www.oagvm.sk\/wphu\/wp-content\/uploads\/2019\/10\/4a.jpg\" alt=\"\" width=\"998\" height=\"667\"><\/p>\n<p align=\"center\"><span style=\"font-size: 300%;\">IV. A<\/span><\/p>\n<hr>\n<p align=\"center\"><img loading=\"lazy\" decoding=\"async\" class=\"wp-image-506 size-full\" src=\"http:\/\/www.oagvm.sk\/wphu\/wp-content\/uploads\/2019\/10\/4b.jpg\" alt=\"\" width=\"998\" height=\"667\"><\/p>\n<p align=\"center\"><span style=\"font-size: 300%;\">IV. B<\/span><\/p>\n<hr>\n<p align=\"center\"><img loading=\"lazy\" decoding=\"async\" class=\"wp-image-506 size-full\" src=\"http:\/\/www.oagvm.sk\/wphu\/wp-content\/uploads\/2019\/10\/4cm.jpg\" alt=\"\" width=\"998\" height=\"667\"><\/p>\n<p align=\"center\"><span style=\"font-size: 300%;\">IV. CM<\/span><\/p>\n<hr>\n","protected":false},"excerpt":{"rendered":"<p>IV. A IV. B IV. CM<\/p>\n","protected":false},"author":1,"featured_media":0,"parent":504,"menu_order":0,"comment_status":"closed","ping_status":"closed","template":"","meta":{"ngg_post_thumbnail":0,"footnotes":""},"_links":{"self":[{"href":"http:\/\/www.oagvm.sk\/wphu\/index.php?rest_route=\/wp\/v2\/pages\/2124"}],"collection":[{"href":"http:\/\/www.oagvm.sk\/wphu\/index.php?rest_route=\/wp\/v2\/pages"}],"about":[{"href":"http:\/\/www.oagvm.sk\/wphu\/index.php?rest_route=\/wp\/v2\/types\/page"}],"author":[{"embeddable":true,"href":"http:\/\/www.oagvm.sk\/wphu\/index.php?rest_route=\/wp\/v2\/users\/1"}],"replies":[{"embeddable":true,"href":"http:\/\/www.oagvm.sk\/wphu\/index.php?rest_route=%2Fwp%2Fv2%2Fcomments&post=2124"}],"version-history":[{"count":5,"href":"http:\/\/www.oagvm.sk\/wphu\/index.php?rest_route=\/wp\/v2\/pages\/2124\/revisions"}],"predecessor-version":[{"id":2130,"href":"http:\/\/www.oagvm.sk\/wphu\/index.php?rest_route=\/wp\/v2\/pages\/2124\/revisions\/2130"}],"up":[{"embeddable":true,"href":"http:\/\/www.oagvm.sk\/wphu\/index.php?rest_route=\/wp\/v2\/pages\/504"}],"wp:attachment":[{"href":"http:\/\/www.oagvm.sk\/wphu\/index.php?rest_route=%2Fwp%2Fv2%2Fmedia&parent=2124"}],"curies":[{"name":"wp","href":"https:\/\/api.w.org\/{rel}","templated":true}]}}