{"id":2547,"date":"2021-09-06T08:33:07","date_gmt":"2021-09-06T06:33:07","guid":{"rendered":"http:\/\/www.oagvm.sk\/wphu\/?page_id=2547"},"modified":"2025-04-03T00:01:45","modified_gmt":"2025-04-02T22:01:45","slug":"edinburgh-2019-2020","status":"publish","type":"page","link":"http:\/\/www.oagvm.sk\/wphu\/?page_id=2547","title":{"rendered":"Edinburgh \u2013 2019\/2020"},"content":{"rendered":"<h3><a href=\"http:\/\/www.oagvm.sk\/wphu\/?page_id=2275\"><img loading=\"lazy\" decoding=\"async\" class=\"alignnone size-full wp-image-2290\" src=\"http:\/\/www.oagvm.sk\/wphu\/wp-content\/uploads\/2021\/08\/bevezetes.png\" alt=\"\" width=\"98\" height=\"31\"><\/a><\/h3>\n<h3> <a href=\"http:\/\/www.oagvm.sk\/wphu\/?page_id=6007\"> <img loading=\"lazy\" decoding=\"async\" class=\"alignnone wp-image-5990 size-full\" title=\"http:\/\/www.oagvm.sk\/wphu\/?page_id=6007\" src=\"http:\/\/www.oagvm.sk\/wphu\/wp-content\/uploads\/2025\/04\/24-25.png\" alt=\"\" width=\"136\" height=\"31\"><\/a> <a href=\"http:\/\/www.oagvm.sk\/wphu\/?page_id=5867\"><img loading=\"lazy\" decoding=\"async\" class=\"alignnone wp-image-5863 size-full\" src=\"http:\/\/www.oagvm.sk\/wphu\/wp-content\/uploads\/2024\/10\/23-24-1.png\" alt=\"\" width=\"136\" height=\"31\"><\/a> <a href=\"http:\/\/www.oagvm.sk\/wphu\/?page_id=3582\"><img loading=\"lazy\" decoding=\"async\" class=\"alignnone wp-image-5864 size-full\" src=\"http:\/\/www.oagvm.sk\/wphu\/wp-content\/uploads\/2024\/10\/22-23-1.png\" alt=\"\" width=\"136\" height=\"31\"><\/a>&nbsp;<\/h3>\n<h3><a href=\"http:\/\/www.oagvm.sk\/wphu\/?page_id=3534\"><img loading=\"lazy\" decoding=\"async\" class=\"alignnone size-full wp-image-3515\" src=\"http:\/\/www.oagvm.sk\/wphu\/wp-content\/uploads\/2022\/11\/21-22-1.png\" alt=\"\" width=\"136\" height=\"31\"><\/a> <a href=\"http:\/\/www.oagvm.sk\/wphu\/?page_id=2293\"><img loading=\"lazy\" decoding=\"async\" class=\"alignnone size-full wp-image-2299\" src=\"http:\/\/www.oagvm.sk\/wphu\/wp-content\/uploads\/2021\/08\/20-21.png\" alt=\"\" width=\"136\" height=\"31\"><\/a> <a href=\"http:\/\/www.oagvm.sk\/wphu\/?page_id=2547\"><img loading=\"lazy\" decoding=\"async\" class=\"alignnone size-full wp-image-2298\" src=\"http:\/\/www.oagvm.sk\/wphu\/wp-content\/uploads\/2021\/08\/19-20.png\" alt=\"\" width=\"136\" height=\"31\"><\/a> <a href=\"http:\/\/www.oagvm.sk\/wphu\/?page_id=3534\"><img loading=\"lazy\" decoding=\"async\" class=\"alignnone size-full wp-image-2297\" src=\"http:\/\/www.oagvm.sk\/wphu\/wp-content\/uploads\/2021\/08\/18-19.png\" alt=\"\" width=\"136\" height=\"31\"><\/a><\/h3>\n<h3 style=\"text-align: justify;\"><strong><span style=\"font-family: tahoma, arial, helvetica, sans-serif;\">D\u00edj\u00e1tad\u00f3 \u00fcnneps\u00e9g Pozsonyban<\/span><\/strong><\/h3>\n<h3 style=\"text-align: justify;\"><span style=\"font-family: tahoma, arial, helvetica, sans-serif;\">Di\u00e1kunk, Hegyi Dominik egy nagyszab\u00e1s\u00fa d\u00edj\u00e1tad\u00f3 rendezv\u00e9nyen \u00e1tvette az Edinburgh Hercege Nemzetk\u00f6zi D\u00edja bronz fokozat\u00e1t.<\/span><\/h3>\n<h3><div id=\"metaslider-id-2520\" style=\"width: 100%;\" class=\"ml-slider-3-50-0 metaslider metaslider-flex metaslider-2520 ml-slider ms-theme-default nav-hidden\" role=\"region\" aria-roledescription=\"Slideshow\" aria-label=\"Edinburgh-19-20\">\n    <div id=\"metaslider_container_2520\">\n        <div id=\"metaslider_2520\">\n            <ul aria-live=\"polite\" class=\"slides\">\n                <li style=\"display: block; width: 100%;\" class=\"slide-2530 ms-image\" aria-roledescription=\"slide\" aria-label=\"slide-2530\"><img loading=\"lazy\" decoding=\"async\" src=\"http:\/\/www.oagvm.sk\/wphu\/wp-content\/uploads\/2021\/09\/edinburgh-01-1-600x337.jpg\" height=\"450\" width=\"800\" alt=\"\" class=\"slider-2520 slide-2530\" title=\"edinburgh-01\" \/><\/li>\n                <li style=\"display: none; width: 100%;\" class=\"slide-2531 ms-image\" aria-roledescription=\"slide\" aria-label=\"slide-2531\"><img loading=\"lazy\" decoding=\"async\" src=\"http:\/\/www.oagvm.sk\/wphu\/wp-content\/uploads\/2021\/09\/edinburgh-02-1-600x337.jpg\" height=\"450\" width=\"800\" alt=\"\" class=\"slider-2520 slide-2531\" title=\"edinburgh-02\" \/><\/li>\n                <li style=\"display: none; width: 100%;\" class=\"slide-2532 ms-image\" aria-roledescription=\"slide\" aria-label=\"slide-2532\"><img loading=\"lazy\" decoding=\"async\" src=\"http:\/\/www.oagvm.sk\/wphu\/wp-content\/uploads\/2021\/09\/edinburgh-03-1-600x337.jpg\" height=\"450\" width=\"800\" alt=\"\" class=\"slider-2520 slide-2532\" title=\"edinburgh-03\" \/><\/li>\n                <li style=\"display: none; width: 100%;\" class=\"slide-2528 ms-image\" aria-roledescription=\"slide\" aria-label=\"slide-2528\"><img loading=\"lazy\" decoding=\"async\" src=\"http:\/\/www.oagvm.sk\/wphu\/wp-content\/uploads\/2021\/09\/edinburgh-04-1-600x337.jpg\" height=\"450\" width=\"800\" alt=\"\" class=\"slider-2520 slide-2528\" title=\"edinburgh-04\" \/><\/li>\n                <li style=\"display: none; width: 100%;\" class=\"slide-2529 ms-image\" aria-roledescription=\"slide\" aria-label=\"slide-2529\"><img loading=\"lazy\" decoding=\"async\" src=\"http:\/\/www.oagvm.sk\/wphu\/wp-content\/uploads\/2021\/09\/edinburgh-05-1-600x337.jpg\" height=\"450\" width=\"800\" alt=\"\" class=\"slider-2520 slide-2529\" title=\"edinburgh-05\" \/><\/li>\n                <li style=\"display: none; width: 100%;\" class=\"slide-2525 ms-image\" aria-roledescription=\"slide\" aria-label=\"slide-2525\"><img loading=\"lazy\" decoding=\"async\" src=\"http:\/\/www.oagvm.sk\/wphu\/wp-content\/uploads\/2021\/09\/edinburgh-06-1-600x337.jpg\" height=\"450\" width=\"800\" alt=\"\" class=\"slider-2520 slide-2525\" title=\"edinburgh-06\" \/><\/li>\n                <li style=\"display: none; width: 100%;\" class=\"slide-2526 ms-image\" aria-roledescription=\"slide\" aria-label=\"slide-2526\"><img loading=\"lazy\" decoding=\"async\" src=\"http:\/\/www.oagvm.sk\/wphu\/wp-content\/uploads\/2021\/09\/edinburgh-07-1-600x337.jpg\" height=\"450\" width=\"800\" alt=\"\" class=\"slider-2520 slide-2526\" title=\"edinburgh-07\" \/><\/li>\n                <li style=\"display: none; width: 100%;\" class=\"slide-2527 ms-image\" aria-roledescription=\"slide\" aria-label=\"slide-2527\"><img loading=\"lazy\" decoding=\"async\" src=\"http:\/\/www.oagvm.sk\/wphu\/wp-content\/uploads\/2021\/09\/edinburgh-08-600x337.jpg\" height=\"450\" width=\"800\" alt=\"\" class=\"slider-2520 slide-2527\" title=\"edinburgh-08\" \/><\/li>\n                <li style=\"display: none; width: 100%;\" class=\"slide-2522 ms-image\" aria-roledescription=\"slide\" aria-label=\"slide-2522\"><img loading=\"lazy\" decoding=\"async\" src=\"http:\/\/www.oagvm.sk\/wphu\/wp-content\/uploads\/2021\/09\/edinburgh-09-600x337.jpg\" height=\"450\" width=\"800\" alt=\"\" class=\"slider-2520 slide-2522\" title=\"edinburgh-09\" \/><\/li>\n                <li style=\"display: none; width: 100%;\" class=\"slide-2523 ms-image\" aria-roledescription=\"slide\" aria-label=\"slide-2523\"><img loading=\"lazy\" decoding=\"async\" src=\"http:\/\/www.oagvm.sk\/wphu\/wp-content\/uploads\/2021\/09\/edinburgh-10-600x337.jpg\" height=\"450\" width=\"800\" alt=\"\" class=\"slider-2520 slide-2523\" title=\"edinburgh-10\" \/><\/li>\n                <li style=\"display: none; width: 100%;\" class=\"slide-2524 ms-image\" aria-roledescription=\"slide\" aria-label=\"slide-2524\"><img loading=\"lazy\" decoding=\"async\" src=\"http:\/\/www.oagvm.sk\/wphu\/wp-content\/uploads\/2021\/09\/edinburgh-11-600x337.jpg\" height=\"450\" width=\"800\" alt=\"\" class=\"slider-2520 slide-2524\" title=\"edinburgh-11\" \/><\/li>\n                <li style=\"display: none; width: 100%;\" class=\"slide-2521 ms-image\" aria-roledescription=\"slide\" aria-label=\"slide-2521\"><img loading=\"lazy\" decoding=\"async\" src=\"http:\/\/www.oagvm.sk\/wphu\/wp-content\/uploads\/2021\/09\/edinburgh-12-600x337.jpg\" height=\"450\" width=\"800\" alt=\"\" class=\"slider-2520 slide-2521\" title=\"edinburgh-12\" \/><\/li>\n            <\/ul>\n        <\/div>\n        \n    <\/div>\n<\/div><\/h3>\n<h3 style=\"text-align: justify;\"><span style=\"font-family: tahoma, arial, helvetica, sans-serif;\"><a href=\"http:\/\/www.oagvm.sk\/wphirfolyam\/?paged=6&amp;m=201909\">http:\/\/www.oagvm.sk\/wphirfolyam\/?paged=6&amp;m=201909<\/a><\/span><\/h3>\n<h3 style=\"text-align: justify;\"><strong><span style=\"font-family: tahoma, arial, helvetica, sans-serif;\">Kalandt\u00fara a Cuha-v\u00f6lgy szurdok\u00e1ban<\/span><\/strong><\/h3>\n<h3 style=\"text-align: justify;\"><span style=\"font-family: tahoma, arial, helvetica, sans-serif;\">K\u00e9tnapos kalandt\u00fara a Bakony hegys\u00e9gben, melynek c\u00e9lja a Bakonyt \u00e1tszel\u0151 Gy\u0151r\u2013Veszpr\u00e9m vas\u00fatvonal t\u00f6rt\u00e9nelm\u00e9nek megismer\u00e9se, valamint a Vinye \u00e9s Porva-Csesznek \u00e1llom\u00e1sok k\u00f6z\u00f6tti szakasz m\u0171szaki l\u00e9tes\u00edtm\u00e9nyeinek, viaduktjainak \u00e9s alag\u00fatjainak megtekint\u00e9se volt.<\/span><\/h3>\n<h3><div id=\"metaslider-id-2495\" style=\"width: 100%;\" class=\"ml-slider-3-50-0 metaslider metaslider-flex metaslider-2495 ml-slider ms-theme-default nav-hidden nav-hidden\" role=\"region\" aria-roledescription=\"Slideshow\" aria-label=\"Edinburgh-19-20-bakony\">\n    <div id=\"metaslider_container_2495\">\n        <div id=\"metaslider_2495\">\n            <ul aria-live=\"polite\" class=\"slides\">\n                <li style=\"display: block; width: 100%;\" class=\"slide-2518 ms-image\" aria-roledescription=\"slide\" aria-label=\"slide-2518\"><img loading=\"lazy\" decoding=\"async\" src=\"http:\/\/www.oagvm.sk\/wphu\/wp-content\/uploads\/2021\/09\/bakony-01-600x337.jpg\" height=\"450\" width=\"800\" alt=\"\" class=\"slider-2495 slide-2518\" title=\"bakony-01\" \/><\/li>\n                <li style=\"display: none; width: 100%;\" class=\"slide-2519 ms-image\" aria-roledescription=\"slide\" aria-label=\"slide-2519\"><img loading=\"lazy\" decoding=\"async\" src=\"http:\/\/www.oagvm.sk\/wphu\/wp-content\/uploads\/2021\/09\/bakony-02-450x253.jpg\" height=\"450\" width=\"800\" alt=\"\" class=\"slider-2495 slide-2519\" title=\"bakony-02\" \/><\/li>\n                <li style=\"display: none; width: 100%;\" class=\"slide-2515 ms-image\" aria-roledescription=\"slide\" aria-label=\"slide-2515\"><img loading=\"lazy\" decoding=\"async\" src=\"http:\/\/www.oagvm.sk\/wphu\/wp-content\/uploads\/2021\/09\/bakony-03-600x337.jpg\" height=\"450\" width=\"800\" alt=\"\" class=\"slider-2495 slide-2515\" title=\"bakony-03\" \/><\/li>\n                <li style=\"display: none; width: 100%;\" class=\"slide-2516 ms-image\" aria-roledescription=\"slide\" aria-label=\"slide-2516\"><img loading=\"lazy\" decoding=\"async\" src=\"http:\/\/www.oagvm.sk\/wphu\/wp-content\/uploads\/2021\/09\/bakony-04-600x337.jpg\" height=\"450\" width=\"800\" alt=\"\" class=\"slider-2495 slide-2516\" title=\"bakony-04\" \/><\/li>\n                <li style=\"display: none; width: 100%;\" class=\"slide-2517 ms-image\" aria-roledescription=\"slide\" aria-label=\"slide-2517\"><img loading=\"lazy\" decoding=\"async\" src=\"http:\/\/www.oagvm.sk\/wphu\/wp-content\/uploads\/2021\/09\/bakony-05-600x337.jpg\" height=\"450\" width=\"800\" alt=\"\" class=\"slider-2495 slide-2517\" title=\"bakony-05\" \/><\/li>\n                <li style=\"display: none; width: 100%;\" class=\"slide-2512 ms-image\" aria-roledescription=\"slide\" aria-label=\"slide-2512\"><img loading=\"lazy\" decoding=\"async\" src=\"http:\/\/www.oagvm.sk\/wphu\/wp-content\/uploads\/2021\/09\/bakony-06-600x337.jpg\" height=\"450\" width=\"800\" alt=\"\" class=\"slider-2495 slide-2512\" title=\"bakony-06\" \/><\/li>\n                <li style=\"display: none; width: 100%;\" class=\"slide-2513 ms-image\" aria-roledescription=\"slide\" aria-label=\"slide-2513\"><img loading=\"lazy\" decoding=\"async\" src=\"http:\/\/www.oagvm.sk\/wphu\/wp-content\/uploads\/2021\/09\/bakony-07-600x337.jpg\" height=\"450\" width=\"800\" alt=\"\" class=\"slider-2495 slide-2513\" title=\"bakony-07\" \/><\/li>\n                <li style=\"display: none; width: 100%;\" class=\"slide-2514 ms-image\" aria-roledescription=\"slide\" aria-label=\"slide-2514\"><img loading=\"lazy\" decoding=\"async\" src=\"http:\/\/www.oagvm.sk\/wphu\/wp-content\/uploads\/2021\/09\/bakony-08-600x337.jpg\" height=\"450\" width=\"800\" alt=\"\" class=\"slider-2495 slide-2514\" title=\"bakony-08\" \/><\/li>\n                <li style=\"display: none; width: 100%;\" class=\"slide-2509 ms-image\" aria-roledescription=\"slide\" aria-label=\"slide-2509\"><img loading=\"lazy\" decoding=\"async\" src=\"http:\/\/www.oagvm.sk\/wphu\/wp-content\/uploads\/2021\/09\/bakony-09-600x337.jpg\" height=\"450\" width=\"800\" alt=\"\" class=\"slider-2495 slide-2509\" title=\"bakony-09\" \/><\/li>\n                <li style=\"display: none; width: 100%;\" class=\"slide-2510 ms-image\" aria-roledescription=\"slide\" aria-label=\"slide-2510\"><img loading=\"lazy\" decoding=\"async\" src=\"http:\/\/www.oagvm.sk\/wphu\/wp-content\/uploads\/2021\/09\/bakony-10-600x337.jpg\" height=\"450\" width=\"800\" alt=\"\" class=\"slider-2495 slide-2510\" title=\"bakony-10\" \/><\/li>\n                <li style=\"display: none; width: 100%;\" class=\"slide-2511 ms-image\" aria-roledescription=\"slide\" aria-label=\"slide-2511\"><img loading=\"lazy\" decoding=\"async\" src=\"http:\/\/www.oagvm.sk\/wphu\/wp-content\/uploads\/2021\/09\/bakony-11-600x337.jpg\" height=\"450\" width=\"800\" alt=\"\" class=\"slider-2495 slide-2511\" title=\"bakony-11\" \/><\/li>\n                <li style=\"display: none; width: 100%;\" class=\"slide-2508 ms-image\" aria-roledescription=\"slide\" aria-label=\"slide-2508\"><img loading=\"lazy\" decoding=\"async\" src=\"http:\/\/www.oagvm.sk\/wphu\/wp-content\/uploads\/2021\/09\/bakony-12-600x337.jpg\" height=\"450\" width=\"800\" alt=\"\" class=\"slider-2495 slide-2508\" title=\"bakony-12\" \/><\/li>\n                <li style=\"display: none; width: 100%;\" class=\"slide-2505 ms-image\" aria-roledescription=\"slide\" aria-label=\"slide-2505\"><img loading=\"lazy\" decoding=\"async\" src=\"http:\/\/www.oagvm.sk\/wphu\/wp-content\/uploads\/2021\/09\/bakony-13-600x337.jpg\" height=\"450\" width=\"800\" alt=\"\" class=\"slider-2495 slide-2505\" title=\"bakony-13\" \/><\/li>\n                <li style=\"display: none; width: 100%;\" class=\"slide-2506 ms-image\" aria-roledescription=\"slide\" aria-label=\"slide-2506\"><img loading=\"lazy\" decoding=\"async\" src=\"http:\/\/www.oagvm.sk\/wphu\/wp-content\/uploads\/2021\/09\/bakony-14-600x337.jpg\" height=\"450\" width=\"800\" alt=\"\" class=\"slider-2495 slide-2506\" title=\"bakony-14\" \/><\/li>\n                <li style=\"display: none; width: 100%;\" class=\"slide-2507 ms-image\" aria-roledescription=\"slide\" aria-label=\"slide-2507\"><img loading=\"lazy\" decoding=\"async\" src=\"http:\/\/www.oagvm.sk\/wphu\/wp-content\/uploads\/2021\/09\/bakony-15-600x337.jpg\" height=\"450\" width=\"800\" alt=\"\" class=\"slider-2495 slide-2507\" title=\"bakony-15\" \/><\/li>\n                <li style=\"display: none; width: 100%;\" class=\"slide-2502 ms-image\" aria-roledescription=\"slide\" aria-label=\"slide-2502\"><img loading=\"lazy\" decoding=\"async\" src=\"http:\/\/www.oagvm.sk\/wphu\/wp-content\/uploads\/2021\/09\/bakony-16-600x337.jpg\" height=\"450\" width=\"800\" alt=\"\" class=\"slider-2495 slide-2502\" title=\"bakony-16\" \/><\/li>\n                <li style=\"display: none; width: 100%;\" class=\"slide-2503 ms-image\" aria-roledescription=\"slide\" aria-label=\"slide-2503\"><img loading=\"lazy\" decoding=\"async\" src=\"http:\/\/www.oagvm.sk\/wphu\/wp-content\/uploads\/2021\/09\/bakony-17-600x337.jpg\" height=\"450\" width=\"800\" alt=\"\" class=\"slider-2495 slide-2503\" title=\"bakony-17\" \/><\/li>\n                <li style=\"display: none; width: 100%;\" class=\"slide-2504 ms-image\" aria-roledescription=\"slide\" aria-label=\"slide-2504\"><img loading=\"lazy\" decoding=\"async\" src=\"http:\/\/www.oagvm.sk\/wphu\/wp-content\/uploads\/2021\/09\/bakony-18-600x337.jpg\" height=\"450\" width=\"800\" alt=\"\" class=\"slider-2495 slide-2504\" title=\"bakony-18\" \/><\/li>\n                <li style=\"display: none; width: 100%;\" class=\"slide-2499 ms-image\" aria-roledescription=\"slide\" aria-label=\"slide-2499\"><img loading=\"lazy\" decoding=\"async\" src=\"http:\/\/www.oagvm.sk\/wphu\/wp-content\/uploads\/2021\/09\/bakony-19-600x337.jpg\" height=\"450\" width=\"800\" alt=\"\" class=\"slider-2495 slide-2499\" title=\"bakony-19\" \/><\/li>\n                <li style=\"display: none; width: 100%;\" class=\"slide-2500 ms-image\" aria-roledescription=\"slide\" aria-label=\"slide-2500\"><img loading=\"lazy\" decoding=\"async\" src=\"http:\/\/www.oagvm.sk\/wphu\/wp-content\/uploads\/2021\/09\/bakony-20-600x337.jpg\" height=\"450\" width=\"800\" alt=\"\" class=\"slider-2495 slide-2500\" title=\"bakony-20\" \/><\/li>\n                <li style=\"display: none; width: 100%;\" class=\"slide-2501 ms-image\" aria-roledescription=\"slide\" aria-label=\"slide-2501\"><img loading=\"lazy\" decoding=\"async\" src=\"http:\/\/www.oagvm.sk\/wphu\/wp-content\/uploads\/2021\/09\/bakony-21-600x337.jpg\" height=\"450\" width=\"800\" alt=\"\" class=\"slider-2495 slide-2501\" title=\"bakony-21\" \/><\/li>\n                <li style=\"display: none; width: 100%;\" class=\"slide-2497 ms-image\" aria-roledescription=\"slide\" aria-label=\"slide-2497\"><img loading=\"lazy\" decoding=\"async\" src=\"http:\/\/www.oagvm.sk\/wphu\/wp-content\/uploads\/2021\/09\/bakony-22-600x337.jpg\" height=\"450\" width=\"800\" alt=\"\" class=\"slider-2495 slide-2497\" title=\"bakony-22\" \/><\/li>\n                <li style=\"display: none; width: 100%;\" class=\"slide-2498 ms-image\" aria-roledescription=\"slide\" aria-label=\"slide-2498\"><img loading=\"lazy\" decoding=\"async\" src=\"http:\/\/www.oagvm.sk\/wphu\/wp-content\/uploads\/2021\/09\/bakony-23-600x337.jpg\" height=\"450\" width=\"800\" alt=\"\" class=\"slider-2495 slide-2498\" title=\"bakony-23\" \/><\/li>\n                <li style=\"display: none; width: 100%;\" class=\"slide-2496 ms-image\" aria-roledescription=\"slide\" aria-label=\"slide-2496\"><img loading=\"lazy\" decoding=\"async\" src=\"http:\/\/www.oagvm.sk\/wphu\/wp-content\/uploads\/2021\/09\/bakony-24-600x337.jpg\" height=\"450\" width=\"800\" alt=\"\" class=\"slider-2495 slide-2496\" title=\"bakony-24\" \/><\/li>\n            <\/ul>\n        <\/div>\n        \n    <\/div>\n<\/div><\/h3>\n<h3 style=\"text-align: justify;\"><span style=\"font-family: tahoma, arial, helvetica, sans-serif;\"><a href=\"http:\/\/www.oagvm.sk\/wphirfolyam\/?paged=3&amp;m=201909\">http:\/\/www.oagvm.sk\/wphirfolyam\/?paged=3&amp;m=201909<\/a><\/span><\/h3>\n","protected":false},"excerpt":{"rendered":"<p>&nbsp; D\u00edj\u00e1tad\u00f3 \u00fcnneps\u00e9g Pozsonyban Di\u00e1kunk, Hegyi Dominik egy nagyszab\u00e1s\u00fa d\u00edj\u00e1tad\u00f3 rendezv\u00e9nyen \u00e1tvette az Edinburgh Hercege Nemzetk\u00f6zi D\u00edja bronz fokozat\u00e1t. http:\/\/www.oagvm.sk\/wphirfolyam\/?paged=6&amp;m=201909 Kalandt\u00fara a Cuha-v\u00f6lgy szurdok\u00e1ban K\u00e9tnapos kalandt\u00fara a Bakony hegys\u00e9gben, melynek c\u00e9lja a Bakonyt \u00e1tszel\u0151 Gy\u0151r\u2013Veszpr\u00e9m vas\u00fatvonal t\u00f6rt\u00e9nelm\u00e9nek megismer\u00e9se, valamint a Vinye \u00e9s Porva-Csesznek \u00e1llom\u00e1sok k\u00f6z\u00f6tti szakasz m\u0171szaki l\u00e9tes\u00edtm\u00e9nyeinek, viaduktjainak \u00e9s alag\u00fatjainak megtekint\u00e9se volt. http:\/\/www.oagvm.sk\/wphirfolyam\/?paged=3&amp;m=201909<\/p>\n","protected":false},"author":1,"featured_media":0,"parent":2275,"menu_order":0,"comment_status":"closed","ping_status":"closed","template":"","meta":{"ngg_post_thumbnail":0,"footnotes":""},"_links":{"self":[{"href":"http:\/\/www.oagvm.sk\/wphu\/index.php?rest_route=\/wp\/v2\/pages\/2547"}],"collection":[{"href":"http:\/\/www.oagvm.sk\/wphu\/index.php?rest_route=\/wp\/v2\/pages"}],"about":[{"href":"http:\/\/www.oagvm.sk\/wphu\/index.php?rest_route=\/wp\/v2\/types\/page"}],"author":[{"embeddable":true,"href":"http:\/\/www.oagvm.sk\/wphu\/index.php?rest_route=\/wp\/v2\/users\/1"}],"replies":[{"embeddable":true,"href":"http:\/\/www.oagvm.sk\/wphu\/index.php?rest_route=%2Fwp%2Fv2%2Fcomments&post=2547"}],"version-history":[{"count":8,"href":"http:\/\/www.oagvm.sk\/wphu\/index.php?rest_route=\/wp\/v2\/pages\/2547\/revisions"}],"predecessor-version":[{"id":6024,"href":"http:\/\/www.oagvm.sk\/wphu\/index.php?rest_route=\/wp\/v2\/pages\/2547\/revisions\/6024"}],"up":[{"embeddable":true,"href":"http:\/\/www.oagvm.sk\/wphu\/index.php?rest_route=\/wp\/v2\/pages\/2275"}],"wp:attachment":[{"href":"http:\/\/www.oagvm.sk\/wphu\/index.php?rest_route=%2Fwp%2Fv2%2Fmedia&parent=2547"}],"curies":[{"name":"wp","href":"https:\/\/api.w.org\/{rel}","templated":true}]}}