{"id":3349,"date":"2022-10-05T08:18:37","date_gmt":"2022-10-05T06:18:37","guid":{"rendered":"http:\/\/www.oagvm.sk\/wphu\/?page_id=3349"},"modified":"2022-10-05T08:18:37","modified_gmt":"2022-10-05T06:18:37","slug":"erettsegizok-2022","status":"publish","type":"page","link":"http:\/\/www.oagvm.sk\/wphu\/?page_id=3349","title":{"rendered":"\u00c9retts\u00e9giz\u0151k &#8211; 2022"},"content":{"rendered":"<p align=\"center\"><img loading=\"lazy\" decoding=\"async\" class=\"wp-image-506 size-full\" src=\"http:\/\/www.oagvm.sk\/wphu\/wp-content\/uploads\/2021\/09\/IV_A.jpg\" alt=\"\" width=\"998\" height=\"667\" \/><\/p>\n<p align=\"center\"><span style=\"font-size: 300%;\">IV. A<\/span><\/p>\n<hr \/>\n<p align=\"center\"><img loading=\"lazy\" decoding=\"async\" class=\"wp-image-506 size-full\" src=\"http:\/\/www.oagvm.sk\/wphu\/wp-content\/uploads\/2021\/09\/IV_B.jpg\" alt=\"\" width=\"998\" height=\"667\" \/><\/p>\n<p align=\"center\"><span style=\"font-size: 300%;\">IV. B<\/span><\/p>\n<hr \/>\n<p align=\"center\"><img loading=\"lazy\" decoding=\"async\" class=\"wp-image-506 size-full\" src=\"http:\/\/www.oagvm.sk\/wphu\/wp-content\/uploads\/2021\/09\/IV_C.jpg\" alt=\"\" width=\"998\" height=\"667\" \/><\/p>\n<p align=\"center\"><span style=\"font-size: 300%;\">IV. C<\/span><\/p>\n<hr \/>\n","protected":false},"excerpt":{"rendered":"<p>IV. A IV. B IV. C<\/p>\n","protected":false},"author":1,"featured_media":0,"parent":504,"menu_order":0,"comment_status":"closed","ping_status":"closed","template":"","meta":{"ngg_post_thumbnail":0,"footnotes":""},"_links":{"self":[{"href":"http:\/\/www.oagvm.sk\/wphu\/index.php?rest_route=\/wp\/v2\/pages\/3349"}],"collection":[{"href":"http:\/\/www.oagvm.sk\/wphu\/index.php?rest_route=\/wp\/v2\/pages"}],"about":[{"href":"http:\/\/www.oagvm.sk\/wphu\/index.php?rest_route=\/wp\/v2\/types\/page"}],"author":[{"embeddable":true,"href":"http:\/\/www.oagvm.sk\/wphu\/index.php?rest_route=\/wp\/v2\/users\/1"}],"replies":[{"embeddable":true,"href":"http:\/\/www.oagvm.sk\/wphu\/index.php?rest_route=%2Fwp%2Fv2%2Fcomments&post=3349"}],"version-history":[{"count":1,"href":"http:\/\/www.oagvm.sk\/wphu\/index.php?rest_route=\/wp\/v2\/pages\/3349\/revisions"}],"predecessor-version":[{"id":3350,"href":"http:\/\/www.oagvm.sk\/wphu\/index.php?rest_route=\/wp\/v2\/pages\/3349\/revisions\/3350"}],"up":[{"embeddable":true,"href":"http:\/\/www.oagvm.sk\/wphu\/index.php?rest_route=\/wp\/v2\/pages\/504"}],"wp:attachment":[{"href":"http:\/\/www.oagvm.sk\/wphu\/index.php?rest_route=%2Fwp%2Fv2%2Fmedia&parent=3349"}],"curies":[{"name":"wp","href":"https:\/\/api.w.org\/{rel}","templated":true}]}}