{"id":3422,"date":"2022-10-07T08:47:33","date_gmt":"2022-10-07T06:47:33","guid":{"rendered":"http:\/\/www.oagvm.sk\/wphu\/?page_id=3422"},"modified":"2025-10-26T20:31:39","modified_gmt":"2025-10-26T19:31:39","slug":"dualis-kepzes","status":"publish","type":"page","link":"http:\/\/www.oagvm.sk\/wphu\/?page_id=3422","title":{"rendered":"Du\u00e1lis k\u00e9pz\u00e9s"},"content":{"rendered":"<a href=\"http:\/\/www.oagvm.sk\/wphu\/wp-content\/uploads\/2024\/09\/DUAL_LETAK_2024_A5-na-web.pdf\" class=\"pdfemb-viewer\" style=\"\" data-width=\"max\" data-height=\"max\"  data-toolbar=\"bottom\" data-toolbar-fixed=\"off\">DUAL_LETAK_2024_A5 na web<br\/><\/a>\n<p>&nbsp;<\/p>\n<p align=\"center\"><object data=\"http:\/\/www.oagvm.sk\/wphu\/wp-content\/uploads\/2025\/10\/Ziaci-vo-firmach-2025-26.pdf\" type=\"application\/pdf\" width=\"820px\" height=\"1190px\"><span data-mce-type=\"bookmark\" style=\"display: inline-block; width: 0px; overflow: hidden; line-height: 0;\" class=\"mce_SELRES_start\">\ufeff<\/span>A b\u00f6ng\u00e9sz\u0151je sajnos nem rendelkezik PDF be\u00e9p\u00fcl\u0151 modullal. Ide kattintva <a href=\"http:\/\/www.oagvm.sk\/wphu\/wp-content\/uploads\/2025\/10\/Ziaci-vo-firmach-2025-26.pdf\">viszont let\u00f6ltheti a PDF f\u00e1jlt.<\/a>&nbsp;<\/object><\/p>\n<p style=\"text-align: justify;\"><strong><span style=\"font-family: tahoma, arial, helvetica, sans-serif; font-size: 18pt; color: #ff6600;\">Tov\u00e1bb a gyakorlati k\u00e9pz\u00e9s \u00fatj\u00e1n<\/span><\/strong><\/p>\n<p style=\"text-align: justify;\"><span style=\"font-family: tahoma, arial, helvetica, sans-serif; font-size: 14pt;\">A du\u00e1lis k\u00e9pz\u00e9s l\u00e9nyege, hogy a tanul\u00f3 az elm\u00e9leti oktat\u00e1st az iskol\u00e1ban, a gyakorlati k\u00e9pz\u00e9st pedig egy v\u00e1lasztott partner szervezetn\u00e9l abszolv\u00e1lja. A du\u00e1lis k\u00e9pz\u00e9sben r\u00e9szt vev\u0151 di\u00e1kok \u00edgy bepillant\u00e1st nyerhetnek a partner szervezetek m\u0171k\u00f6d\u00e9s\u00e9be, megismerhetik a v\u00e1llalati kult\u00far\u00e1t, valamint kiv\u00e1l\u00f3 szakemberekt\u0151l tanulhatj\u00e1k meg a szakma alapjait. Ezek a tanul\u00f3k m\u00e1r a tanulm\u00e1nyaik befejez\u00e9sekor versenyk\u00e9pes elm\u00e9leti tud\u00e1ssal \u00e9s szakmai gyakorlattal rendelkeznek, ami hatalmas el\u0151nyt jelent sz\u00e1mukra a munkaer\u0151piacon.<\/span><\/p>\n<p style=\"text-align: justify;\"><span style=\"font-family: tahoma, arial, helvetica, sans-serif; font-size: 14pt;\">Iskol\u00e1nkon, a Nagymegyeri Kereskedelmi Akad\u00e9mi\u00e1n a 2022\/2023-as tan\u00e9vben is folytat\u00f3dik a du\u00e1lis k\u00e9pz\u00e9s. Eddigi partnereink list\u00e1ja \u2013 K&amp;K Benefit, Inter Harmony, Reylon, BACKSTAGE Consulting \u2013 az idei tan\u00e9vben egy \u00fajabb c\u00e9ggel b\u0151v\u00fclt, konkr\u00e9tan az ACCOUNTING BK Kft.-vel, amely k\u00e9t els\u0151s tanul\u00f3nk sz\u00e1m\u00e1ra biztos\u00edtja a gyakorlati k\u00e9pz\u00e9st. Jelenleg \u00f6sszesen 13 di\u00e1kunknak van \u00e9rv\u00e9nyes tanulm\u00e1nyi szerz\u0151d\u00e9se partner c\u00e9geink valamelyik\u00e9vel.<\/span><\/p>\n<p style=\"text-align: justify;\"><span style=\"font-family: tahoma, arial, helvetica, sans-serif; font-size: 14pt;\">Int\u00e9zm\u00e9ny\u00fcnk a du\u00e1lis k\u00e9pz\u00e9s fontos hozad\u00e9k\u00e1nak tartja azt, hogy a partner v\u00e1llaltokn\u00e1l szerzett tapasztalatok gyorsan be\u00e9p\u00edthet\u0151k az iskolai tananyagba. Az iskola \u00e9s a partner c\u00e9gek k\u00f6z\u00f6tti folyamatos kapcsolattart\u00e1snak \u00e9s egy\u00fcttm\u0171k\u00f6d\u00e9snek k\u00f6sz\u00f6nhet\u0151en tan\u00e1raink sz\u00e1mos visszajelz\u00e9st kapnak arr\u00f3l, hogy az iskolai tananyag mennyire naprak\u00e9sz, milyen m\u00e9rt\u00e9kben alkalmazhat\u00f3 a gyakorlatban, ezzel is el\u0151seg\u00edtve a k\u00f6z\u00e9pfok\u00fa oktat\u00e1s min\u0151s\u00e9gi javul\u00e1s\u00e1t.<\/span><\/p>\n<p style=\"text-align: right;\"><span style=\"font-family: tahoma, arial, helvetica, sans-serif; font-size: 14pt;\">Nagy Roz\u00e1lia, a du\u00e1lis k\u00e9pz\u00e9s koordin\u00e1tora<\/span><\/p>\n<p style=\"text-align: justify;\"><span style=\"font-size: 18pt;\"><strong><span style=\"font-family: tahoma, arial, helvetica, sans-serif; color: #ff6600;\">Felj\u00f6v\u0151ben a du\u00e1lis k\u00e9pz\u00e9s Nagymegyeren<\/span><\/strong><\/span><\/p>\n<p style=\"text-align: justify;\"><span style=\"font-family: tahoma, arial, helvetica, sans-serif; font-size: 14pt;\">A tavalyi iskolai \u00e9vben iskol\u00e1nk, a Nagymegyeri Kereskedelmi Akad\u00e9mia els\u0151k\u00e9nt kapcsol\u00f3dott be a Nagyszombati ker\u00fclet kereskedelmi akad\u00e9mi\u00e1i k\u00f6z\u00fcl a du\u00e1lis k\u00e9pz\u00e9sbe, s ebben a tan\u00e9vben is \u00fatnak ind\u00edtottuk a gyakorlati k\u00e9pz\u00e9s oktat\u00e1s\u00e1t. Els\u0151seink k\u00f6z\u00fcl n\u00e9gy di\u00e1kunk v\u00e1laszthatta ezt a k\u00e9pz\u00e9si form\u00e1t, akik az elk\u00f6vetkez\u0151 \u00e9vekben k\u00e9t k\u00f6nyvel\u00e9ssel foglalkoz\u00f3 c\u00e9gn\u00e9l saj\u00e1t\u00edthatj\u00e1k el j\u00f6vend\u0151beli szakm\u00e1juk alapjait, emellett tagjai lehetnek egy fiatal, t\u00f6rekv\u0151 csapatnak, szakmai kapcsolatokat \u00e9p\u00edthetnek ki, \u00f6szt\u00f6nz\u0151 kih\u00edv\u00e1sokkal szembes\u00fclhetnek. A du\u00e1lis k\u00e9pz\u00e9s annyiban t\u00e9r el hagyom\u00e1nyos k\u00e9pz\u00e9st\u0151l, hogy az oktat\u00e1si int\u00e9zm\u00e9nyben folytatott elm\u00e9leti \u00e9s a v\u00e1llalatokn\u00e1l zajl\u00f3 gyakorlati k\u00e9pz\u00e9s p\u00e1rhuzamosan t\u00f6rt\u00e9nik.<\/span><\/p>\n<p style=\"text-align: justify;\"><span style=\"font-family: tahoma, arial, helvetica, sans-serif; font-size: 14pt;\">Az idei tan\u00e9vben a programba bekapcsol\u00f3d\u00f3 els\u0151seink \u00e9s m\u00e1sodikosaink java a K&amp;K Benefit \u00e9s az Inter Harmony kft.-ben, egy m\u00e1sodikos tanul\u00f3nk pedig a Reylon kft.-ben r\u00e9szes\u00fcl gyakorlati oktat\u00e1sban. A du\u00e1lis k\u00e9pz\u00e9s ir\u00e1nt \u00e9rdekl\u0151d\u0151 els\u0151s di\u00e1koknak egy meghallgat\u00e1son kellett r\u00e9szt venni\u00fck, ennek alapj\u00e1n v\u00e1lasztotta ki a szakmai bizotts\u00e1g azt a n\u00e9gy tanul\u00f3t, akik n\u00e9gy \u00e9ven kereszt\u00fcl a fent eml\u00edtett v\u00e1llalatokn\u00e1l v\u00e9gzik majd szakmai gyakorlatukat. A meghallgat\u00e1s sor\u00e1n figyelembe vett\u00fck a tanul\u00f3k egy\u00e9ni k\u00e9pess\u00e9geit, er\u0151ss\u00e9geit \u00e9s gyenges\u00e9geit, k\u00edv\u00e1ncsiak voltunk arra, hogyan viselkedn\u00e9nek csapattagk\u00e9nt, mik\u00e9nt reag\u00e1ln\u00e1nak v\u00e1ratlan helyzetekben, de fontos szempont volt az is, hogy mennyire bizonyulnak fejl\u0151d\u0151k\u00e9pesnek. Miut\u00e1n megt\u00f6rt\u00e9nt a kiv\u00e1laszt\u00e1s, \u00f6sszeh\u00edvtuk a tanul\u00f3kat, ahol elmondhatt\u00e1k hogyan \u00e9lt\u00e9k meg az interj\u00fat, melyek voltak a legnehezebb k\u00e9rd\u00e9sek sz\u00e1mukra. A sok k\u00e9rd\u00e9s k\u00f6z\u00fcl szinte egyhang\u00falag a k\u00f6vetkez\u0151 megv\u00e1laszol\u00e1sa okozta a legnagyobb neh\u00e9zs\u00e9get: \u201eMi volt az eddigi legnagyobb hiba, amit elk\u00f6vetetett?\u201d&nbsp; Az elemz\u00e9s m\u00e1r oldott hangulatban zajlott, elt\u0171ntek az esetleges szorong\u00e1si t\u00fcnetek, melyeket a meghallgat\u00e1s el\u0151hozott. Fontosnak tartottuk, hogy a di\u00e1kok pozit\u00edv \u00e9lm\u00e9nnyel t\u00e1vozzanak \u00e9let\u00fck els\u0151 interj\u00faj\u00e1r\u00f3l.<\/span><\/p>\n<p style=\"text-align: justify;\"><span style=\"font-family: tahoma, arial, helvetica, sans-serif; font-size: 14pt;\">Az interj\u00fat k\u00f6vet\u0151en a partner v\u00e1llalatok az eg\u00e9sz iskolai k\u00e9pz\u00e9s id\u0151tartam\u00e1ra sz\u00f3l\u00f3 tanul\u00f3i szerz\u0151d\u00e9st k\u00f6tnek a kiv\u00e1lasztott di\u00e1kokkal. Oktat\u00e1si int\u00e9zm\u00e9ny\u00fcnk folyamatosan fel\u00fcgyeli az v\u00e1llalatokn\u00e1l zajl\u00f3 gyakorlati k\u00e9pz\u00e9st, gondoskodva arr\u00f3l, hogy az a szakk\u00e9pz\u00e9si kerettantervnek megfelel\u0151en t\u00f6rt\u00e9njen.<\/span><\/p>\n<p style=\"text-align: justify;\"><span style=\"font-family: tahoma, arial, helvetica, sans-serif; font-size: 14pt;\">A du\u00e1lis k\u00e9pz\u00e9sbe bekapcsol\u00f3d\u00f3 di\u00e1kok jelent\u0151s kedvezm\u00e9nyekben r\u00e9szes\u00fclnek:<\/span><\/p>\n<ul style=\"text-align: justify;\">\n<li><span style=\"font-family: tahoma, arial, helvetica, sans-serif; font-size: 14pt;\">A gyakorlati k\u00e9pz\u00e9s alatt a v\u00e1llalat napi egyszeri ingyenes \u00e9tkez\u00e9st biztos\u00edt a tanul\u00f3nak.<\/span><\/li>\n<li><span style=\"font-family: tahoma, arial, helvetica, sans-serif; font-size: 14pt;\">A Nagyszombat megye \u00e1ltal ny\u00fajtott juttat\u00e1sok pedig a k\u00f6vetkez\u0151k:<\/span>\n<ul>\n<li><span style=\"font-family: tahoma, arial, helvetica, sans-serif; font-size: 14pt;\">t\u00edz h\u00f3napra sz\u00f3l\u00f3 ingyenes aut\u00f3busz k\u00f6zleked\u00e9s a megye ter\u00fclet\u00e9n,<\/span><\/li>\n<li><span style=\"font-family: tahoma, arial, helvetica, sans-serif; font-size: 14pt;\">havi 50 \u20ac \u00f6szt\u00f6nd\u00edj,<\/span><\/li>\n<li><span style=\"font-family: tahoma, arial, helvetica, sans-serif; font-size: 14pt;\">janu\u00e1r elsej\u00e9t\u0151l ingyenes koll\u00e9giumi elsz\u00e1ll\u00e1sol\u00e1s.<\/span><\/li>\n<\/ul>\n<\/li>\n<\/ul>\n<p style=\"text-align: justify;\"><span style=\"font-family: tahoma, arial, helvetica, sans-serif; font-size: 14pt;\">Amennyiben a tanul\u00f3 a k\u00e9s\u0151bbiek folyam\u00e1n a gyakorlati k\u00e9pz\u00e9st biztos\u00edt\u00f3 v\u00e1llatokn\u00e1l, szervezetekn\u00e9l v\u00e1llal munk\u00e1t, szint\u00e9n p\u00e9nz\u00fcgyi juttat\u00e1sban r\u00e9szes\u00fcl.&nbsp;<\/span><\/p>\n<p style=\"text-align: justify;\"><span style=\"font-family: tahoma, arial, helvetica, sans-serif; font-size: 14pt;\">A du\u00e1lis k\u00e9pz\u00e9s ezen k\u00edv\u00fcl sz\u00e1mos el\u0151nnyel j\u00e1rhat, p\u00e9ld\u00e1ul azzal, hogy a tanul\u00f3 m\u00e1r k\u00f6z\u00e9piskol\u00e1s kor\u00e1ban megtapasztalhatja, milyen egy v\u00e1llalat alkalmazottj\u00e1nak lenni, tov\u00e1bb\u00e1 azzal, hogy tanul\u00f3kat k\u00e9pzett szakemberek seg\u00edtik, akikt\u0151l elleshetik a szakma fort\u00e9lyait.<\/span><\/p>\n<p style=\"text-align: right;\"><span style=\"font-family: tahoma, arial, helvetica, sans-serif; font-size: 14pt;\">Ing. Nagy Roz\u00e1lia, a du\u00e1lis k\u00e9pz\u00e9s koordin\u00e1tora<\/span><\/p>\n<p><span style=\"color: #ff6600;\"><strong><span style=\"font-family: tahoma, arial, helvetica, sans-serif; font-size: 18pt;\">&nbsp;Akad\u00e9mist\u00e1ink \u00fatt\u00f6r\u0151k\u00e9nt a du\u00e1lis k\u00e9pz\u00e9sben&nbsp;<\/span><\/strong><\/span><\/p>\n<p style=\"text-align: justify;\"><span style=\"font-family: tahoma, arial, helvetica, sans-serif; font-size: 14pt;\">A 2019\/2020-as tan\u00e9vben m\u00e1r a kereskedelmi akad\u00e9mi\u00e1k is bekapcsol\u00f3dhatnak a du\u00e1lis k\u00e9pz\u00e9sbe. Iskol\u00e1nk, a Nagymegyeri Kereskedelmi Akad\u00e9mia \u00fatt\u00f6r\u0151nek sz\u00e1m\u00edt ezen a t\u00e9ren a hasonl\u00f3 k\u00e9pzetts\u00e9get ny\u00fajt\u00f3 szakk\u00f6z\u00e9piskol\u00e1k k\u00f6r\u00e9ben. D\u00f6nt\u00e9s\u00fcnket els\u0151sorban a tanul\u00f3k \u00e9rdekeit szem el\u0151tt tartva hoztuk meg, a du\u00e1lis k\u00e9pz\u00e9s ugyanis lehet\u0151v\u00e9 teszi, hogy a di\u00e1kok val\u00f3s munkak\u00f6r\u00fclm\u00e9nyek k\u00f6z\u00f6tt k\u00e9sz\u00fclhessenek fel j\u00f6v\u0151beli szakm\u00e1juk munkatev\u00e9kenys\u00e9geire. R\u00e1ad\u00e1sul a tanul\u00f3k a gyakorlati k\u00e9pz\u00e9s mellett tapasztalatot szerezhetnek a csapatmunka ter\u00e9n is. Nem elhanyagolhat\u00f3 az sem, hogy a programba bekapcsol\u00f3d\u00f3 di\u00e1kok \u00e1llami \u00f6szt\u00f6nd\u00edjat is kapnak, valamint ingyenes lesz sz\u00e1mukra az aut\u00f3busszal t\u00f6rt\u00e9n\u0151 k\u00f6zleked\u00e9s a munkahelyre \u00e9s az iskol\u00e1ba is.&nbsp;<\/span><\/p>\n<p style=\"text-align: justify;\"><span style=\"font-family: tahoma, arial, helvetica, sans-serif; font-size: 14pt;\">Az idei tan\u00e9vben indul\u00f3 du\u00e1lis k\u00e9pz\u00e9sbe egyel\u0151re \u00f6t tanul\u00f3nkat tudtuk bevonni az els\u0151 \u00e9vfolyam szlov\u00e1k tannyelv\u0171 kereskedelmi akad\u00e9miai oszt\u00e1lyb\u00f3l, akik h\u00e1rom v\u00e1llalatban r\u00e9szes\u00fclnek majd gyakorlati k\u00e9pz\u00e9sben, az oszt\u00e1ly t\u00f6bbi di\u00e1kja pedig vel\u00fck p\u00e1rhuzamosan az iskola gyakorlati oktat\u00f3term\u00e9ben saj\u00e1t\u00edthatja el a szakma gyakorlati fort\u00e9lyait. Megtiszteltet\u00e9s sz\u00e1munkra, hogy az idei \u00e9vt\u0151l kezdve olyan v\u00e1llalati partnerekkel m\u0171k\u00f6dhet\u00fcnk egy\u00fctt, mint a Reylon, a K&amp;K Benefit \u00e9s az Inter Harmony Kft.&nbsp;<\/span><\/p>\n<p style=\"text-align: justify;\"><span style=\"font-family: tahoma, arial, helvetica, sans-serif; font-size: 14pt;\">A du\u00e1lis k\u00e9pz\u00e9sbe bekapcsol\u00f3d\u00f3 di\u00e1kokat a v\u00e1llalatok k\u00e9pvisel\u0151i v\u00e1lasztott\u00e1k ki a jelentkez\u0151k k\u00f6z\u00fcl egy meghallgat\u00e1st k\u00f6vet\u0151en. \u00d6t tanul\u00f3nk teh\u00e1t n\u00e9gy \u00e9ven kereszt\u00fcl a fent eml\u00edtett v\u00e1llatokn\u00e1l v\u00e9gez majd szakmai gyakorlatot, amelynek sor\u00e1n a leg\u00fajabb szakmai ismeretekkel eg\u00e9sz\u00edthetik ki az iskol\u00e1ban szerzett elm\u00e9leti tud\u00e1sukat. \u0150k azok a szerencs\u00e9sek, akik majd n\u00e9gy \u00e9v m\u00falva minden bizonnyal nagy el\u0151nnyel fognak rendelkezni a p\u00e1lyakezd\u00e9skor, mivel a du\u00e1lis k\u00e9pz\u00e9snek k\u00f6sz\u00f6nhet\u0151en szakmai gyakorlattal ker\u00fclnek a munkaer\u0151piacra.&nbsp;<\/span><\/p>\n<p style=\"text-align: right;\"><span style=\"font-family: tahoma, arial, helvetica, sans-serif; font-size: 14pt;\">Ing. Nagy Roz\u00e1lia, a du\u00e1lis k\u00e9pz\u00e9s koordin\u00e1tora<\/span><\/p>\n<p><span style=\"font-size: 18pt; font-family: tahoma, arial, helvetica, sans-serif; color: #ff6600;\"><strong>\u010co je du\u00e1lne vzdel\u00e1vanie?<\/strong><\/span><\/p>\n<ul>\n<li><span style=\"font-size: 14pt; font-family: tahoma, arial, helvetica, sans-serif;\">Du\u00e1lne vzdel\u00e1vanie je modern\u00fd sp\u00f4sob pr\u00edpravy na povolanie, v&nbsp;ktorom sa \u017eiak u\u010d\u00ed, ako premeni\u0165 teoretick\u00e9 vedomosti na praktick\u00e9 priamo na p\u00f4de zamestn\u00e1vate\u013ea.<\/span><\/li>\n<li><span style=\"font-size: 14pt; font-family: tahoma, arial, helvetica, sans-serif;\">Cel\u00e1 praktick\u00e1 pr\u00edprava sa uskuto\u010d\u0148uje, na rozdiel od klasick\u00e9ho \u0161kolsk\u00e9ho sp\u00f4sobu v\u00fdu\u010dby, re\u00e1lnych podmienkach na pracovisku praktick\u00e9ho vyu\u010dovania, \u010do je v\u017edy z\u00e1ruka \u0161ir\u0161ieho rozvoja zru\u010dnost\u00ed jednotlivca v&nbsp;s\u00falade s&nbsp;po\u017eiadavkami trhu pr\u00e1ce. Teoretick\u00e9 vzdel\u00e1vanie zost\u00e1va s\u00fa\u010das\u0165ou v\u00fdu\u010dby na \u0161kole.<\/span><\/li>\n<\/ul>\n<p>&nbsp;<\/p>\n<p><span style=\"font-size: 18pt; font-family: tahoma, arial, helvetica, sans-serif; color: #ff6600;\"><strong>Siln\u00e9 str\u00e1nky du\u00e1lneho vzdel\u00e1vania<\/strong><\/span><\/p>\n<ul>\n<li><span style=\"font-size: 14pt; font-family: tahoma, arial, helvetica, sans-serif;\">V\u00fdu\u010dba v&nbsp;re\u00e1lnych podmienkach<\/span><\/li>\n<li><span style=\"font-size: 14pt; font-family: tahoma, arial, helvetica, sans-serif;\">Osvojenie si pracovn\u00fdch n\u00e1vykov priamo na pracovisku a&nbsp;mo\u017enos\u0165 kari\u00e9rneho rastu<\/span><\/li>\n<li><span style=\"font-size: 14pt; font-family: tahoma, arial, helvetica, sans-serif;\">Nadobudnutie kvalifik\u00e1cie a&nbsp;praxe priamo vo firme<\/span><\/li>\n<li><span style=\"font-size: 14pt; font-family: tahoma, arial, helvetica, sans-serif;\">Plynul\u00fd prechod do zamestnania, skr\u00e1tenie adapta\u010dnej f\u00e1zy pri n\u00e1stupe do pracovn\u00e9ho pomeru a&nbsp;r\u00fdchlej\u0161ie dosiahnutie pracovn\u00e9ho v\u00fdkonu s&nbsp;lep\u0161\u00edm mzdov\u00fdm ohodnoten\u00edm<\/span><\/li>\n<li><span style=\"font-size: 14pt; font-family: tahoma, arial, helvetica, sans-serif;\">\u010cerpanie benefitov (finan\u010dn\u00e9, nefinan\u010dn\u00e9) u\u017e po\u010das \u0161t\u00fadia \u2013 poskytovanie obedov (alebo alternat\u00edvnej n\u00e1hrady) po\u010das dn\u00ed praxe, zlep\u0161enie finan\u010dn\u00e9ho statusu rodiny prostredn\u00edctvom motiva\u010dn\u00e9ho \u0161tipendia v&nbsp;1. ro\u010dn\u00edku vo v\u00fd\u0161ke 50 \u20ac mesa\u010dne, odmena za produkt\u00edvnu pr\u00e1cu na pracovisk\u00e1ch vo vy\u0161\u0161\u00edch ro\u010dn\u00edkoch, \u017eupn\u00e1 BUS karta po\u010das cel\u00e9ho \u0161t\u00fadia v&nbsp;SDV, mo\u017enos\u0165 cestova\u0165 denne zdarma na autobusoch pr\u00edmestskej dopravy<\/span><\/li>\n<li><span style=\"font-size: 14pt; font-family: tahoma, arial, helvetica, sans-serif;\">Mo\u017enos\u0165 vzdel\u00e1va\u0165 sa a&nbsp;s\u00fa\u010dasne ma\u0165 vlastn\u00fd z\u00e1robok u\u017e na strednej \u0161kole<\/span><\/li>\n<li><span style=\"font-size: 14pt; font-family: tahoma, arial, helvetica, sans-serif;\">Jednotliv\u00e9 firmy poskytuj\u00fa \u017eiakom v&nbsp;SDV e\u0161te \u010fal\u0161ie benefity, ktor\u00e9 sa u\u017e navz\u00e1jom l\u00ed\u0161ia.<\/span><\/li>\n<\/ul>\n<p><span style=\"font-size: 18pt; font-family: tahoma, arial, helvetica, sans-serif; color: #ff6600;\"><strong>Ako na to?<\/strong><\/span><\/p>\n<ul>\n<li><span style=\"font-size: 14pt; font-family: tahoma, arial, helvetica, sans-serif;\">Vyber si zamestn\u00e1vate\u013ea. Ke\u010f \u00faspe\u0161ne absolvuje\u0161 v\u00fdberov\u00e9 konanie, dostane\u0161 od neho potvrdenie od odbornom vzdel\u00e1van\u00ed a&nbsp;pr\u00edprave \u017eiaka v&nbsp;syst\u00e9me du\u00e1lneho vzdel\u00e1vania<\/span><\/li>\n<li><span style=\"font-size: 14pt; font-family: tahoma, arial, helvetica, sans-serif;\">Potvrdenie prilo\u017e\u00ed\u0161 k&nbsp;prihl\u00e1\u0161ke na \u0161t\u00fadiu a&nbsp;absolvuje\u0161 prij\u00edma\u010dky<\/span><\/li>\n<li><span style=\"font-size: 14pt; font-family: tahoma, arial, helvetica, sans-serif;\">Pred za\u010diatkom \u0161t\u00fadia s&nbsp;Tebou zamestn\u00e1vate\u013e uzavrie u\u010debn\u00fa zmluvu<\/span><\/li>\n<li><span style=\"font-size: 14pt; font-family: tahoma, arial, helvetica, sans-serif;\">Ak to nestihne\u0161 pred n\u00e1stupom do \u0161koly, ni\u010d nie je straten\u00e9. Dualistom sa m\u00f4\u017ee\u0161 sta\u0165 e\u0161te do konca prv\u00e9ho polroka prv\u00e9ho ro\u010dn\u00edka<\/span><\/li>\n<\/ul>\n<p><strong><span style=\"font-size: 18.0pt; font-family: 'Tahoma','sans-serif'; color: #ff6600;\">Na\u0161e \u0161tudijn\u00e9 odbory v&nbsp;du\u00e1lnom vzdel\u00e1van\u00ed <\/span><\/strong><\/p>\n<p><span style=\"font-size: 14.0pt; font-family: 'Tahoma','sans-serif';\">6317 M obchodn\u00e1 akad\u00e9mia<\/span><\/p>\n<p><span style=\"font-size: 14.0pt; font-family: 'Tahoma','sans-serif';\">6327 M ekonomick\u00e9 a&nbsp;administrat\u00edvne slu\u017eby v podnikan\u00ed<\/span><\/p>\n<p><strong><span style=\"font-size: 18.0pt; font-family: 'Tahoma','sans-serif'; color: #ff6600;\">Partneri du\u00e1lneho vzdel\u00e1vania<\/span><\/strong><\/p>\n<p><span style=\"font-size: 14.0pt; font-family: 'Tahoma','sans-serif';\">Reylon, s. r. o. , K\u00fatniky<\/span><\/p>\n<p><span style=\"font-size: 14.0pt; font-family: 'Tahoma','sans-serif';\">ACCOUNTING BK, s. r. o., Kom\u00e1rno<\/span><\/p>\n<p><span style=\"font-size: 14.0pt; font-family: 'Tahoma','sans-serif';\">TRIFEL, s. r. o., Ve\u013ek\u00fd Meder<\/span><\/p>\n<p><span style=\"font-size: 14.0pt; font-family: 'Tahoma','sans-serif';\">MAS PODUNAJSKO o. z., Doln\u00fd \u0160t\u00e1l<\/span><\/p>\n<p><span style=\"font-size: 14.0pt; font-family: 'Tahoma','sans-serif';\">DOMATI, s. r. o., Doln\u00fd \u0160t\u00e1l<\/span><\/p>\n<p><span style=\"font-size: 14.0pt; font-family: 'Tahoma','sans-serif';\">LIMAKO, s. r. o., \u010cili\u017esk\u00e1 Radva\u0148<\/span><\/p>\n<p><span style=\"font-size: 14.0pt; font-family: 'Tahoma','sans-serif';\">Obec Brestovec<\/span><\/p>\n<p><span style=\"font-size: 14.0pt; font-family: 'Tahoma','sans-serif';\">SB Dunajsk\u00e1 Streda, s. r. o.<\/span><\/p>\n<p><span style=\"font-size: 14.0pt; font-family: 'Tahoma','sans-serif';\">DUNEA, a. s., Dunajsk\u00e1 Streda<\/span><\/p>\n<p><span style=\"font-size: 14.0pt; font-family: 'Tahoma','sans-serif';\">Obecn\u00fd \u00farad \u010c\u00ed\u010dov<\/span><\/p>\n<p><span style=\"font-size: 14.0pt; font-family: 'Tahoma','sans-serif';\">Obec Patince<\/span><\/p>\n<p><span style=\"font-size: 14.0pt; font-family: 'Tahoma','sans-serif';\">PD Sokolce<\/span><\/p>\n<p><span style=\"font-size: 14.0pt; font-family: 'Tahoma','sans-serif';\">EXATA GROUP, a. s.<\/span><\/p>\n<p><span style=\"font-size: 14.0pt; font-family: 'Tahoma','sans-serif';\">Al\u017ebeta Bartalov\u00e1<\/span><\/p>\n<p><span style=\"font-size: 14.0pt; font-family: 'Tahoma','sans-serif';\">Ing. \u013dudov\u00edt Fiala-IFL<\/span><\/p>\n<p><span style=\"font-size: 14.0pt; font-family: 'Tahoma','sans-serif';\">Obec O\u013edza<\/span><\/p>\n<p><span style=\"font-size: 14.0pt; font-family: 'Tahoma','sans-serif';\">Obec Holiare<\/span><\/p>\n<p><span style=\"font-size: 14.0pt; font-family: 'Tahoma','sans-serif';\">BT CARS DS, s. r. o.<\/span><\/p>\n<p><span style=\"font-size: 14.0pt; font-family: 'Tahoma','sans-serif';\">SOMMTOR, s. r. o.<\/span><\/p>\n<p><span style=\"font-size: 14.0pt; font-family: 'Tahoma','sans-serif';\">KAMILLA, s. r. o.<\/span><\/p>\n<p><span style=\"font-size: 14.0pt; font-family: 'Tahoma','sans-serif';\">AUTOSERVIS NGN, s. r. o.<\/span><\/p>\n<p><span style=\"font-size: 14.0pt; font-family: 'Tahoma','sans-serif';\">EUROMILK, a. s.<\/span><\/p>\n<p><span style=\"font-size: 14.0pt; font-family: 'Tahoma','sans-serif';\">ISTERMEAT, a. s.<\/span><\/p>\n<p><span style=\"font-size: 14.0pt; font-family: 'Tahoma','sans-serif';\">ASKARA, s. r. o.<\/span><\/p>\n<p><span style=\"font-size: 14.0pt; font-family: 'Tahoma','sans-serif';\">INTERSPEED SPOL., s. r. o.<\/span><\/p>\n<p><span style=\"font-size: 14.0pt; font-family: 'Tahoma','sans-serif';\">VITALITA n. o. LEHNICE<\/span><\/p>\n<p><span style=\"font-size: 14.0pt; font-family: 'Tahoma','sans-serif';\">Mesto Kom\u00e1rno<\/span><\/p>\n<p><span style=\"font-size: 14.0pt; font-family: 'Tahoma','sans-serif';\">CAPRIOLO SLOVAKIA, s. r. o.<\/span><\/p>\n<p><span style=\"font-size: 14.0pt; font-family: 'Tahoma','sans-serif';\">PHARIUS, s. r. o.<\/span><\/p>\n<p><span style=\"font-size: 14.0pt; font-family: 'Tahoma','sans-serif';\">PARAGRAF, s. r. o.<\/span><\/p>\n<p><span style=\"font-size: 14.0pt; font-family: 'Tahoma','sans-serif';\">KORNELIA FIN, s. r. o.<\/span><\/p>\n<p><span style=\"font-size: 14.0pt; font-family: 'Tahoma','sans-serif';\">Z\u00e1kladn\u00e1 \u0161kola s vyu\u010dovac\u00edm jazykom ma\u010farsk\u00fdm Zlat\u00e9 Klasy<\/span><\/p>\n<p><span style=\"font-size: 14.0pt; font-family: 'Tahoma','sans-serif';\">CRUMENA, s. r. o.<\/span><\/p>\n<p><span style=\"font-size: 14.0pt; font-family: 'Tahoma','sans-serif';\">BLACKFIN, s. r. o.<\/span><\/p>\n<p><span style=\"font-size: 14.0pt; font-family: 'Tahoma','sans-serif';\">Obec Marcelov\u00e1<\/span><\/p>\n<p><span style=\"font-size: 14.0pt; font-family: 'Tahoma','sans-serif';\">\u017ditnoostrovsk\u00e9 osvetov\u00e9 stredisko<\/span><\/p>\n<p><span style=\"font-size: 14.0pt; font-family: 'Tahoma','sans-serif';\">BERRY SLOVAKIA, s. r. o.<\/span><\/p>\n<p><span style=\"font-size: 14.0pt; font-family: 'Tahoma','sans-serif';\">Obec Horn\u00e1 Pot\u00f4\u0148<\/span><\/p>\n<p>&nbsp;<\/p>\n","protected":false},"excerpt":{"rendered":"<p>&nbsp; \ufeffA b\u00f6ng\u00e9sz\u0151je sajnos nem rendelkezik PDF be\u00e9p\u00fcl\u0151 modullal. Ide kattintva viszont let\u00f6ltheti a PDF f\u00e1jlt.&nbsp; Tov\u00e1bb a gyakorlati k\u00e9pz\u00e9s \u00fatj\u00e1n A du\u00e1lis k\u00e9pz\u00e9s l\u00e9nyege, hogy a tanul\u00f3 az elm\u00e9leti oktat\u00e1st az iskol\u00e1ban, a gyakorlati k\u00e9pz\u00e9st pedig egy v\u00e1lasztott partner szervezetn\u00e9l abszolv\u00e1lja. A du\u00e1lis k\u00e9pz\u00e9sben r\u00e9szt vev\u0151 di\u00e1kok \u00edgy bepillant\u00e1st nyerhetnek a partner szervezetek m\u0171k\u00f6d\u00e9s\u00e9be, &#8230; <a title=\"Du\u00e1lis k\u00e9pz\u00e9s\" class=\"read-more\" href=\"http:\/\/www.oagvm.sk\/wphu\/?page_id=3422\" aria-label=\"Tov\u00e1bbiak Du\u00e1lis k\u00e9pz\u00e9s\">Olvass tov\u00e1bb<\/a><\/p>\n","protected":false},"author":1,"featured_media":0,"parent":360,"menu_order":0,"comment_status":"closed","ping_status":"closed","template":"","meta":{"ngg_post_thumbnail":0,"footnotes":""},"_links":{"self":[{"href":"http:\/\/www.oagvm.sk\/wphu\/index.php?rest_route=\/wp\/v2\/pages\/3422"}],"collection":[{"href":"http:\/\/www.oagvm.sk\/wphu\/index.php?rest_route=\/wp\/v2\/pages"}],"about":[{"href":"http:\/\/www.oagvm.sk\/wphu\/index.php?rest_route=\/wp\/v2\/types\/page"}],"author":[{"embeddable":true,"href":"http:\/\/www.oagvm.sk\/wphu\/index.php?rest_route=\/wp\/v2\/users\/1"}],"replies":[{"embeddable":true,"href":"http:\/\/www.oagvm.sk\/wphu\/index.php?rest_route=%2Fwp%2Fv2%2Fcomments&post=3422"}],"version-history":[{"count":30,"href":"http:\/\/www.oagvm.sk\/wphu\/index.php?rest_route=\/wp\/v2\/pages\/3422\/revisions"}],"predecessor-version":[{"id":6468,"href":"http:\/\/www.oagvm.sk\/wphu\/index.php?rest_route=\/wp\/v2\/pages\/3422\/revisions\/6468"}],"up":[{"embeddable":true,"href":"http:\/\/www.oagvm.sk\/wphu\/index.php?rest_route=\/wp\/v2\/pages\/360"}],"wp:attachment":[{"href":"http:\/\/www.oagvm.sk\/wphu\/index.php?rest_route=%2Fwp%2Fv2%2Fmedia&parent=3422"}],"curies":[{"name":"wp","href":"https:\/\/api.w.org\/{rel}","templated":true}]}}