{"id":616,"date":"2019-10-11T11:31:53","date_gmt":"2019-10-11T09:31:53","guid":{"rendered":"http:\/\/www.oagvm.sk\/wphu\/?page_id=616"},"modified":"2026-01-26T14:14:45","modified_gmt":"2026-01-26T13:14:45","slug":"2-os-adofelajanlas","status":"publish","type":"page","link":"http:\/\/www.oagvm.sk\/wphu\/?page_id=616","title":{"rendered":"2 %-os ad\u00f3felaj\u00e1nl\u00e1s"},"content":{"rendered":"<h3><span style=\"font-family: tahoma, arial, helvetica, sans-serif; color: #ff6600;\"><strong>Tisztelt Sz\u00fcl\u0151k, Iskolabar\u00e1tok, kedves Ismer\u0151s\u00f6k!<\/strong><\/span><\/h3>\n<h3><span style=\"font-family: tahoma, arial, helvetica, sans-serif; color: #000000;\">K\u00f6zeledik az ad\u00f3bevall\u00e1sok ideje. K\u00e9rj\u00fck \u00d6n\u00f6ket, ha tehetik, akkor ad\u00f3juk 2%-\u00e1t adom\u00e1nyozz\u00e1k az iskol\u00e1nknak, amellyel el\u0151seg\u00edtik tanul\u00f3ink fejl\u0151d\u00e9s\u00e9t, int\u00e9zm\u00e9ny\u00fcnk fejleszt\u00e9s\u00e9t. Ha a t\u00e1mogat\u00e1sunk mellett d\u00f6ntenek, k\u00e9rj\u00fck, hogy febru\u00e1r 16-ig jelezz\u00e9k azt<\/span><br \/>\n<span style=\"font-family: tahoma, arial, helvetica, sans-serif; color: #000000;\">a munk\u00e1ltat\u00f3jukn\u00e1l az ad\u00f3elsz\u00e1mol\u00e1s k\u00e9rv\u00e9nyez\u00e9sekor. K\u00f6sz\u00f6nj\u00fck sz\u00e9pen!<\/span><\/h3>\n<h3><span style=\"font-family: tahoma, arial, helvetica, sans-serif; color: #000000;\"><strong>A t\u00e1mogat\u00e1ssal kapcsolatos nyomtatv\u00e1nyok kit\u00f6lt\u00e9s\u00e9hez sz\u00fcks\u00e9ges adatok:<\/strong><\/span><\/h3>\n<h3><span style=\"font-family: tahoma, arial, helvetica, sans-serif; color: #000000;\"><strong>I\u010cO: <\/strong><strong>36080705<\/strong><\/span><\/h3>\n<h3><span style=\"font-family: tahoma, arial, helvetica, sans-serif; color: #000000;\"><strong>Pr\u00e1vna forma:<\/strong> <strong>Neinvesti\u010dn\u00fd fond<\/strong><\/span><br \/>\n<span style=\"font-family: tahoma, arial, helvetica, sans-serif; color: #000000;\"><strong>N\u00e1zov alebo Obchodn\u00e9 meno:<\/strong><\/span><br \/>\n<span style=\"font-family: tahoma, arial, helvetica, sans-serif; color: #000000;\"><strong>Neinvesti\u010dn\u00fd fond ACADEMIA pri Obchodnej akad\u00e9mii a Gymn\u00e1ziu<\/strong><\/span><\/h3>\n<h3>&nbsp;<\/h3>\n<h3><span style=\"font-family: tahoma, arial, helvetica, sans-serif; color: #000000;\">Az formanyomtatv\u00e1ny a mell\u00e9kletben tal\u00e1lhat\u00f3.<\/span><\/h3>\n<h3>&nbsp;<\/h3>\n<h3><span style=\"font-family: tahoma, arial, helvetica, sans-serif; color: #000000;\">Legyen \u00d6n is a&nbsp;t\u00e1mogat\u00f3nk, amellyel t\u00f6bb forr\u00e1st biztos\u00edt tev\u00e9kenys\u00e9g\u00fcnkh\u00f6z.<\/span><\/h3>\n<h3><span style=\"font-family: tahoma, arial, helvetica, sans-serif; color: #000000;\">Mindez nem ker\u00fcl egy centj\u00e9be sem, r\u00e1ad\u00e1sul egy j\u00f3 \u00fcgyet szolg\u00e1l vele.<\/span><\/h3>\n<h3>&nbsp;<\/h3>\n<h3><span style=\"font-family: tahoma, arial, helvetica, sans-serif; color: #000000;\"><strong>Mgr. Horv\u00e1th Erzs\u00e9bet,<\/strong> az iskola igazgat\u00f3ja<\/span><\/h3>\n<p><!-- ********************************************************************************************** --><\/p>\n<p align=\"center\"><object data=\"http:\/\/www.oagvm.sk\/wphu\/wp-content\/uploads\/2026\/01\/VYHLASENIEo-poukazani-podielu-zaplatenej-dane-z-prijmov-fyzickej-osoby-za-rok-2025.pdf\" width=\"820px\" height=\"1190px\">V\u00e1\u0161 prehliada\u010d bohu\u017eial nepodporuje zobrazenie PDF dokumentov.              Kliknite sem <a href=\"http:\/\/www.oagvm.sk\/wphu\/wp-content\/uploads\/2026\/01\/VYHLASENIEo-poukazani-podielu-zaplatenej-dane-z-prijmov-fyzickej-osoby-za-rok-2025.pdf\">pre stiahnutie PDF dokumentu.<\/a>&nbsp;<\/object><\/p>\n<p><!-- ************************************************************************************* --><\/p>\n<p align=\"center\"><object data=\"http:\/\/www.oagvm.sk\/wphu\/wp-content\/uploads\/2025\/01\/Postup-krokov_fyzicke-osoby-A-B.pdf\" width=\"820px\" height=\"1190px\">V\u00e1\u0161 prehliada\u010d bohu\u017eial nepodporuje zobrazenie PDF dokumentov.              Kliknite sem <a href=\"http:\/\/www.oagvm.sk\/wphu\/wp-content\/uploads\/2025\/01\/Postup-krokov_fyzicke-osoby-A-B.pdf\">pre stiahnutie PDF dokumentu.<\/a>&nbsp;<\/object><\/p>\n<p><!-- ********************************************************************************************** --><\/p>\n<p align=\"center\"><object data=\"http:\/\/www.oagvm.sk\/wphu\/wp-content\/uploads\/2025\/01\/Postup-krokov_pravnicke-osoby.pdf\" width=\"820px\" height=\"1190px\">V\u00e1\u0161 prehliada\u010d bohu\u017eial nepodporuje zobrazenie PDF dokumentov.              Kliknite sem <a href=\"http:\/\/www.oagvm.sk\/wphu\/wp-content\/uploads\/2025\/01\/Postup-krokov_pravnicke-osoby.pdf\">pre stiahnutie PDF dokumentu.<\/a>&nbsp;<\/object><\/p>\n<p><!-- ********************************************************************************************** --><\/p>\n<p align=\"center\"><object data=\"http:\/\/www.oagvm.sk\/wphu\/wp-content\/uploads\/2025\/01\/Postup-krokov_zamestnancov.pdf\" width=\"820px\" height=\"1190px\">V\u00e1\u0161 prehliada\u010d bohu\u017eial nepodporuje zobrazenie PDF dokumentov.              Kliknite sem <a href=\"http:\/\/www.oagvm.sk\/wphu\/wp-content\/uploads\/2025\/01\/Postup-krokov_zamestnancov.pdf\">pre stiahnutie PDF dokumentu.<\/a>&nbsp;<\/object><\/p>\n","protected":false},"excerpt":{"rendered":"<p>Tisztelt Sz\u00fcl\u0151k, Iskolabar\u00e1tok, kedves Ismer\u0151s\u00f6k! K\u00f6zeledik az ad\u00f3bevall\u00e1sok ideje. K\u00e9rj\u00fck \u00d6n\u00f6ket, ha tehetik, akkor ad\u00f3juk 2%-\u00e1t adom\u00e1nyozz\u00e1k az iskol\u00e1nknak, amellyel el\u0151seg\u00edtik tanul\u00f3ink fejl\u0151d\u00e9s\u00e9t, int\u00e9zm\u00e9ny\u00fcnk fejleszt\u00e9s\u00e9t. Ha a t\u00e1mogat\u00e1sunk mellett d\u00f6ntenek, k\u00e9rj\u00fck, hogy febru\u00e1r 16-ig jelezz\u00e9k azt a munk\u00e1ltat\u00f3jukn\u00e1l az ad\u00f3elsz\u00e1mol\u00e1s k\u00e9rv\u00e9nyez\u00e9sekor. K\u00f6sz\u00f6nj\u00fck sz\u00e9pen! A t\u00e1mogat\u00e1ssal kapcsolatos nyomtatv\u00e1nyok kit\u00f6lt\u00e9s\u00e9hez sz\u00fcks\u00e9ges adatok: I\u010cO: 36080705 Pr\u00e1vna forma: Neinvesti\u010dn\u00fd &#8230; <a title=\"2 %-os ad\u00f3felaj\u00e1nl\u00e1s\" class=\"read-more\" href=\"http:\/\/www.oagvm.sk\/wphu\/?page_id=616\" aria-label=\"Tov\u00e1bbiak 2 %-os ad\u00f3felaj\u00e1nl\u00e1s\">Olvass tov\u00e1bb<\/a><\/p>\n","protected":false},"author":1,"featured_media":0,"parent":368,"menu_order":0,"comment_status":"closed","ping_status":"closed","template":"","meta":{"ngg_post_thumbnail":0,"footnotes":""},"_links":{"self":[{"href":"http:\/\/www.oagvm.sk\/wphu\/index.php?rest_route=\/wp\/v2\/pages\/616"}],"collection":[{"href":"http:\/\/www.oagvm.sk\/wphu\/index.php?rest_route=\/wp\/v2\/pages"}],"about":[{"href":"http:\/\/www.oagvm.sk\/wphu\/index.php?rest_route=\/wp\/v2\/types\/page"}],"author":[{"embeddable":true,"href":"http:\/\/www.oagvm.sk\/wphu\/index.php?rest_route=\/wp\/v2\/users\/1"}],"replies":[{"embeddable":true,"href":"http:\/\/www.oagvm.sk\/wphu\/index.php?rest_route=%2Fwp%2Fv2%2Fcomments&post=616"}],"version-history":[{"count":40,"href":"http:\/\/www.oagvm.sk\/wphu\/index.php?rest_route=\/wp\/v2\/pages\/616\/revisions"}],"predecessor-version":[{"id":6575,"href":"http:\/\/www.oagvm.sk\/wphu\/index.php?rest_route=\/wp\/v2\/pages\/616\/revisions\/6575"}],"up":[{"embeddable":true,"href":"http:\/\/www.oagvm.sk\/wphu\/index.php?rest_route=\/wp\/v2\/pages\/368"}],"wp:attachment":[{"href":"http:\/\/www.oagvm.sk\/wphu\/index.php?rest_route=%2Fwp%2Fv2%2Fmedia&parent=616"}],"curies":[{"name":"wp","href":"https:\/\/api.w.org\/{rel}","templated":true}]}}