{"id":627,"date":"2019-10-11T11:37:53","date_gmt":"2019-10-11T09:37:53","guid":{"rendered":"http:\/\/www.oagvm.sk\/wphu\/?page_id=627"},"modified":"2024-10-23T17:57:43","modified_gmt":"2024-10-23T15:57:43","slug":"iskolatanacs","status":"publish","type":"page","link":"http:\/\/www.oagvm.sk\/wphu\/?page_id=627","title":{"rendered":"Iskolatan\u00e1cs"},"content":{"rendered":"<p><span style=\"font-family: tahoma, arial, helvetica, sans-serif; font-size: 14pt;\">A&nbsp;Kereskedelmi Akad\u00e9mia mellett m\u0171k\u00f6d\u0151 Iskolatan\u00e1cs \u00f6sszet\u00e9tele<\/span><\/p>\n<a href=\"http:\/\/www.oagvm.sk\/wphu\/wp-content\/uploads\/2024\/10\/A-Nagymegyeri-Kereskedelmi-Akademia-Iskolatanacsanak-osszetetele.pdf\" class=\"pdfemb-viewer\" style=\"\" data-width=\"max\" data-height=\"max\"  data-toolbar=\"bottom\" data-toolbar-fixed=\"off\">A Nagymegyeri Kereskedelmi Akad\u00e9mia Iskolatan\u00e1cs\u00e1nak \u00f6sszet\u00e9tele<br\/><\/a>\n<p>&nbsp;<\/p>\n<p><span style=\"font-family: tahoma, arial, helvetica, sans-serif; font-size: 14pt;\">\u0160tat\u00fat rady \u0161koly<\/span><\/p>\n<p><span style=\"font-size: 14pt; font-family: tahoma, arial, helvetica, sans-serif;\"><a href=\"http:\/\/www.oagvm.sk\/wphu\/wp-content\/uploads\/2023\/10\/Statut-RS-okt.-2022.pdf\" class=\"pdfemb-viewer\" style=\"\" data-width=\"max\" data-height=\"max\"  data-toolbar=\"bottom\" data-toolbar-fixed=\"off\">\u0160tat\u00fat R\u0160 - okt. 2022<br\/><\/a><\/span><\/p>\n<p>&nbsp;<\/p>\n<p>&nbsp;<\/p>\n","protected":false},"excerpt":{"rendered":"<p>A&nbsp;Kereskedelmi Akad\u00e9mia mellett m\u0171k\u00f6d\u0151 Iskolatan\u00e1cs \u00f6sszet\u00e9tele &nbsp; \u0160tat\u00fat rady \u0161koly &nbsp; &nbsp;<\/p>\n","protected":false},"author":1,"featured_media":0,"parent":366,"menu_order":0,"comment_status":"closed","ping_status":"closed","template":"","meta":{"ngg_post_thumbnail":0,"footnotes":""},"_links":{"self":[{"href":"http:\/\/www.oagvm.sk\/wphu\/index.php?rest_route=\/wp\/v2\/pages\/627"}],"collection":[{"href":"http:\/\/www.oagvm.sk\/wphu\/index.php?rest_route=\/wp\/v2\/pages"}],"about":[{"href":"http:\/\/www.oagvm.sk\/wphu\/index.php?rest_route=\/wp\/v2\/types\/page"}],"author":[{"embeddable":true,"href":"http:\/\/www.oagvm.sk\/wphu\/index.php?rest_route=\/wp\/v2\/users\/1"}],"replies":[{"embeddable":true,"href":"http:\/\/www.oagvm.sk\/wphu\/index.php?rest_route=%2Fwp%2Fv2%2Fcomments&post=627"}],"version-history":[{"count":24,"href":"http:\/\/www.oagvm.sk\/wphu\/index.php?rest_route=\/wp\/v2\/pages\/627\/revisions"}],"predecessor-version":[{"id":5889,"href":"http:\/\/www.oagvm.sk\/wphu\/index.php?rest_route=\/wp\/v2\/pages\/627\/revisions\/5889"}],"up":[{"embeddable":true,"href":"http:\/\/www.oagvm.sk\/wphu\/index.php?rest_route=\/wp\/v2\/pages\/366"}],"wp:attachment":[{"href":"http:\/\/www.oagvm.sk\/wphu\/index.php?rest_route=%2Fwp%2Fv2%2Fmedia&parent=627"}],"curies":[{"name":"wp","href":"https:\/\/api.w.org\/{rel}","templated":true}]}}