{"id":1327,"date":"2019-10-15T19:51:50","date_gmt":"2019-10-15T17:51:50","guid":{"rendered":"http:\/\/www.oagvm.sk\/wpsk\/?page_id=1327"},"modified":"2021-02-08T14:31:20","modified_gmt":"2021-02-08T13:31:20","slug":"kozbeszerzes","status":"publish","type":"page","link":"http:\/\/www.oagvm.sk\/wpsk\/?page_id=1327","title":{"rendered":"Verejn\u00e9 obstar\u00e1vanie"},"content":{"rendered":"<h3>Pred\u00e1me&nbsp; \u0160KODA OCTAVIA &nbsp;AA Sedan 1600 benz\u00edn 75 kW, RV 2005 najazden\u00fdch 159 000 km, farba strieborn\u00e1 metal\u00edza svetl\u00e1 ,kl\u00edma, centr\u00e1l, elektrony, abs, v\u00fdborn\u00fd motor a prevodovka, &nbsp;<\/h3>\n<h3><strong>cena 1796,00 \u20ac, tel 0911 748 206<\/strong><\/h3>\n<p style=\"text-align: center;\"><img loading=\"lazy\" class=\"alignnone size-full wp-image-2462\" src=\"http:\/\/www.oagvm.sk\/wpsk\/wp-content\/uploads\/2021\/02\/octavia-04.jpg\" alt=\"\" width=\"600\" height=\"800\" srcset=\"http:\/\/www.oagvm.sk\/wpsk\/wp-content\/uploads\/2021\/02\/octavia-04.jpg 600w, http:\/\/www.oagvm.sk\/wpsk\/wp-content\/uploads\/2021\/02\/octavia-04-225x300.jpg 225w\" sizes=\"(max-width: 600px) 100vw, 600px\" \/><\/p>\n<p style=\"text-align: center;\"><img loading=\"lazy\" class=\"alignnone size-full wp-image-2461\" src=\"http:\/\/www.oagvm.sk\/wpsk\/wp-content\/uploads\/2021\/02\/octavia-03.jpg\" alt=\"\" width=\"600\" height=\"800\" srcset=\"http:\/\/www.oagvm.sk\/wpsk\/wp-content\/uploads\/2021\/02\/octavia-03.jpg 600w, http:\/\/www.oagvm.sk\/wpsk\/wp-content\/uploads\/2021\/02\/octavia-03-225x300.jpg 225w\" sizes=\"(max-width: 600px) 100vw, 600px\" \/><\/p>\n<p style=\"text-align: center;\"><img loading=\"lazy\" class=\"alignnone size-full wp-image-2460\" src=\"http:\/\/www.oagvm.sk\/wpsk\/wp-content\/uploads\/2021\/02\/octavia-02.jpg\" alt=\"\" width=\"600\" height=\"800\" srcset=\"http:\/\/www.oagvm.sk\/wpsk\/wp-content\/uploads\/2021\/02\/octavia-02.jpg 600w, http:\/\/www.oagvm.sk\/wpsk\/wp-content\/uploads\/2021\/02\/octavia-02-225x300.jpg 225w\" sizes=\"(max-width: 600px) 100vw, 600px\" \/><\/p>\n<p style=\"text-align: center;\"><img loading=\"lazy\" class=\"alignnone size-full wp-image-2459\" src=\"http:\/\/www.oagvm.sk\/wpsk\/wp-content\/uploads\/2021\/02\/octavia-01.jpg\" alt=\"\" width=\"600\" height=\"800\" srcset=\"http:\/\/www.oagvm.sk\/wpsk\/wp-content\/uploads\/2021\/02\/octavia-01.jpg 600w, http:\/\/www.oagvm.sk\/wpsk\/wp-content\/uploads\/2021\/02\/octavia-01-225x300.jpg 225w\" sizes=\"(max-width: 600px) 100vw, 600px\" \/><\/p>\n<p>&nbsp;<\/p>\n<h2>Verejn\u00fd obstar\u00e1vate\u013e<\/h2>\n<h4>Obchodn\u00e1 akad\u00e9mia \u2013 Kereskedelmi Bratislavsk\u00e1 38, 932 01 Ve\u013ek\u00fd Meder \u2013 Nagymegyer<br \/>\nBratislavsk\u00e1 38, 932 01 Ve\u013ek\u00fd Meder, e-mail: oagvm@oagvm.sk, telef\u00f3n 031\/555 2321<\/h4>\n<p>&nbsp;<\/p>\n<table class=\"MsoTableGrid\" border=\"0\" cellspacing=\"0\" cellpadding=\"0\">\n<tbody>\n<tr>\n<td class=\"Normal\" valign=\"top\" width=\"181\"><span lang=\"SK\" style=\"font-size: 12.0pt;\">Adresa:<\/span><\/td>\n<td class=\"Normal\" valign=\"top\" width=\"472\"><span lang=\"SK\" style=\"font-size: 12.0pt;\">Bratislavsk\u00e1 38, 932 01 Ve\u013ek\u00fd Meder<\/span><\/td>\n<\/tr>\n<tr>\n<td class=\"Normal\" width=\"181\"><span lang=\"SK\" style=\"font-size: 12.0pt; line-height: 150%;\">V&nbsp;zast\u00fapen\u00ed: <\/span><\/td>\n<td class=\"Normal\" valign=\"top\" width=\"472\"><span lang=\"SK\" style=\"font-size: 12.0pt; line-height: 150%;\">Mgr. Horv\u00e1thov\u00e1 Al\u017ebeta, riadite\u013eka \u0161koly<\/span><\/td>\n<\/tr>\n<tr>\n<td class=\"Normal\" width=\"181\"><span lang=\"SK\" style=\"font-size: 12.0pt;\">I\u010cO:<\/span><\/td>\n<td class=\"Normal\" valign=\"top\" width=\"472\"><span lang=\"SK\" style=\"font-size: 12.0pt;\">00044351<\/span><\/td>\n<\/tr>\n<tr>\n<td class=\"Normal\" width=\"181\"><span lang=\"SK\" style=\"font-size: 12.0pt;\">DI\u010c:<\/span><\/td>\n<td class=\"Normal\" valign=\"top\" width=\"472\"><span lang=\"SK\" style=\"font-size: 12.0pt;\">2021002038<\/span><\/td>\n<\/tr>\n<tr>\n<td class=\"Normal\" width=\"181\"><span lang=\"SK\" style=\"font-size: 12.0pt;\">Bankov\u00e9 spojenie: <\/span><\/td>\n<td class=\"Normal\" valign=\"top\" width=\"472\"><span lang=\"SK\" style=\"font-size: 12.0pt;\">\u0160t\u00e1tna pokladnica<\/span><\/td>\n<\/tr>\n<tr>\n<td class=\"Normal\" width=\"181\"><span lang=\"SK\" style=\"font-size: 12.0pt;\">\u010c\u00edslo \u00fa\u010dtu:<\/span><\/td>\n<td class=\"Normal\" valign=\"top\" width=\"472\"><span lang=\"SK\" style=\"font-size: 12.0pt;\">7000494911\/8180<\/span><\/td>\n<\/tr>\n<tr>\n<td class=\"Normal\" width=\"181\"><span lang=\"SK\" style=\"font-size: 12.0pt;\">IBAN:<\/span><\/td>\n<td class=\"Normal\" valign=\"top\" width=\"472\"><span lang=\"SK\" style=\"font-size: 12.0pt;\">SK55 8180 0000 0070 0049 4911<\/span><\/td>\n<\/tr>\n<tr>\n<td class=\"Normal\" width=\"181\"><span lang=\"SK\" style=\"font-size: 12.0pt;\">Telef\u00f3n:<\/span><\/td>\n<td class=\"Normal\" valign=\"top\" width=\"472\"><span lang=\"SK\" style=\"font-size: 12.0pt;\">031\/5552321, 031\/5910710<\/span><\/td>\n<\/tr>\n<tr>\n<td class=\"Normal\" width=\"181\"><span lang=\"SK\" style=\"font-size: 12.0pt;\">E-mail:<\/span><\/td>\n<td class=\"Normal\" valign=\"top\" width=\"472\"><span lang=\"SK\" style=\"font-size: 12.0pt;\">oagvm@oagvm.sk<\/span><\/td>\n<\/tr>\n<tr>\n<td class=\"Normal\" width=\"181\"><span lang=\"SK\" style=\"font-size: 12.0pt;\">Kontaktn\u00e1 osoba:<\/span><\/td>\n<td class=\"Normal\" valign=\"top\" width=\"472\"><span lang=\"SK\" style=\"font-size: 12.0pt;\">Barthalosov\u00e1 Etela, hlavn\u00e1 \u00fa\u010dtovn\u00ed\u010dka<\/span><\/td>\n<\/tr>\n<\/tbody>\n<\/table>\n","protected":false},"excerpt":{"rendered":"<p>Pred\u00e1me&nbsp; \u0160KODA OCTAVIA &nbsp;AA Sedan 1600 benz\u00edn 75 kW, RV 2005 najazden\u00fdch 159 000 km, farba strieborn\u00e1 metal\u00edza svetl\u00e1 ,kl\u00edma, centr\u00e1l, elektrony, abs, v\u00fdborn\u00fd motor a prevodovka, &nbsp; cena 1796,00 \u20ac, tel 0911 748 206 &nbsp; Verejn\u00fd obstar\u00e1vate\u013e Obchodn\u00e1 akad\u00e9mia \u2013 Kereskedelmi Bratislavsk\u00e1 38, 932 01 Ve\u013ek\u00fd Meder \u2013 Nagymegyer Bratislavsk\u00e1 38, 932 01 Ve\u013ek\u00fd &#8230; <a title=\"Verejn\u00e9 obstar\u00e1vanie\" class=\"read-more\" href=\"http:\/\/www.oagvm.sk\/wpsk\/?page_id=1327\">\u010c\u00edta\u0165 viac<span class=\"screen-reader-text\">Verejn\u00e9 obstar\u00e1vanie<\/span><\/a><\/p>\n","protected":false},"author":1,"featured_media":0,"parent":364,"menu_order":0,"comment_status":"closed","ping_status":"closed","template":"","meta":{"ngg_post_thumbnail":0},"_links":{"self":[{"href":"http:\/\/www.oagvm.sk\/wpsk\/index.php?rest_route=\/wp\/v2\/pages\/1327"}],"collection":[{"href":"http:\/\/www.oagvm.sk\/wpsk\/index.php?rest_route=\/wp\/v2\/pages"}],"about":[{"href":"http:\/\/www.oagvm.sk\/wpsk\/index.php?rest_route=\/wp\/v2\/types\/page"}],"author":[{"embeddable":true,"href":"http:\/\/www.oagvm.sk\/wpsk\/index.php?rest_route=\/wp\/v2\/users\/1"}],"replies":[{"embeddable":true,"href":"http:\/\/www.oagvm.sk\/wpsk\/index.php?rest_route=%2Fwp%2Fv2%2Fcomments&post=1327"}],"version-history":[{"count":15,"href":"http:\/\/www.oagvm.sk\/wpsk\/index.php?rest_route=\/wp\/v2\/pages\/1327\/revisions"}],"predecessor-version":[{"id":2464,"href":"http:\/\/www.oagvm.sk\/wpsk\/index.php?rest_route=\/wp\/v2\/pages\/1327\/revisions\/2464"}],"up":[{"embeddable":true,"href":"http:\/\/www.oagvm.sk\/wpsk\/index.php?rest_route=\/wp\/v2\/pages\/364"}],"wp:attachment":[{"href":"http:\/\/www.oagvm.sk\/wpsk\/index.php?rest_route=%2Fwp%2Fv2%2Fmedia&parent=1327"}],"curies":[{"name":"wp","href":"https:\/\/api.w.org\/{rel}","templated":true}]}}