{"id":2090,"date":"2020-08-25T11:30:44","date_gmt":"2020-08-25T09:30:44","guid":{"rendered":"http:\/\/www.oagvm.sk\/wpsk\/?page_id=2090"},"modified":"2025-10-26T20:34:17","modified_gmt":"2025-10-26T19:34:17","slug":"dualne-vzdelavanie","status":"publish","type":"page","link":"http:\/\/www.oagvm.sk\/wpsk\/?page_id=2090","title":{"rendered":"Du\u00e1lne vzdel\u00e1vanie"},"content":{"rendered":"<a href=\"http:\/\/www.oagvm.sk\/wpsk\/wp-content\/uploads\/2024\/09\/DUAL_LETAK_2024_A5-na-web.pdf\" class=\"pdfemb-viewer\" style=\"\" data-width=\"max\" data-height=\"max\"  data-toolbar=\"bottom\" data-toolbar-fixed=\"off\">DUAL_LETAK_2024_A5 na web<br\/><\/a>\n<p>&nbsp;<\/p>\n<p align=\"center\"><object data=\"http:\/\/www.oagvm.sk\/wphu\/wp-content\/uploads\/2025\/10\/Ziaci-vo-firmach-2025-26.pdf\" type=\"application\/pdf\" width=\"820px\" height=\"1190px\"><span data-mce-type=\"bookmark\" style=\"display: inline-block; width: 0px; overflow: hidden; line-height: 0;\" class=\"mce_SELRES_start\">\ufeff<\/span>A b\u00f6ng\u00e9sz\u0151je sajnos nem rendelkezik PDF be\u00e9p\u00fcl\u0151 modullal. Ide kattintva <a href=\"http:\/\/www.oagvm.sk\/wphu\/wp-content\/uploads\/2025\/10\/Ziaci-vo-firmach-2025-26.pdf\">viszont let\u00f6ltheti a PDF f\u00e1jlt.<\/a>&nbsp;<\/object><\/p>\n<p>&nbsp;<\/p>\n<p><span style=\"font-family: tahoma, arial, helvetica, sans-serif; font-size: 18pt; color: #ff6600;\"><strong>Du\u00e1lne vzdel\u00e1vanie je vo\u013eba pre tvoju bud\u00facnos\u0165<\/strong><\/span><\/p>\n<p><span style=\"font-size: 18pt; font-family: tahoma, arial, helvetica, sans-serif; color: #ff6600;\"><strong>\u010co je du\u00e1lne vzdel\u00e1vanie?<\/strong><\/span><\/p>\n<ul>\n<li><span style=\"font-size: 14pt; font-family: tahoma, arial, helvetica, sans-serif;\">Du\u00e1lne vzdel\u00e1vanie je modern\u00fd sp\u00f4sob pr\u00edpravy na povolanie, v&nbsp;ktorom sa \u017eiak u\u010d\u00ed, ako premeni\u0165 teoretick\u00e9 vedomosti na praktick\u00e9 priamo na p\u00f4de zamestn\u00e1vate\u013ea.<\/span><\/li>\n<li><span style=\"font-size: 14pt; font-family: tahoma, arial, helvetica, sans-serif;\">Cel\u00e1 praktick\u00e1 pr\u00edprava sa uskuto\u010d\u0148uje, na rozdiel od klasick\u00e9ho \u0161kolsk\u00e9ho sp\u00f4sobu v\u00fdu\u010dby, re\u00e1lnych podmienkach na pracovisku praktick\u00e9ho vyu\u010dovania, \u010do je v\u017edy z\u00e1ruka \u0161ir\u0161ieho rozvoja zru\u010dnost\u00ed jednotlivca v&nbsp;s\u00falade s&nbsp;po\u017eiadavkami trhu pr\u00e1ce. Teoretick\u00e9 vzdel\u00e1vanie zost\u00e1va s\u00fa\u010das\u0165ou v\u00fdu\u010dby na \u0161kole.<\/span><\/li>\n<\/ul>\n<p>&nbsp;<\/p>\n<p><span style=\"font-size: 18pt; font-family: tahoma, arial, helvetica, sans-serif; color: #ff6600;\"><strong>Siln\u00e9 str\u00e1nky du\u00e1lneho vzdel\u00e1vania<\/strong><\/span><\/p>\n<ul>\n<li><span style=\"font-size: 14pt; font-family: tahoma, arial, helvetica, sans-serif;\">V\u00fdu\u010dba v&nbsp;re\u00e1lnych podmienkach<\/span><\/li>\n<li><span style=\"font-size: 14pt; font-family: tahoma, arial, helvetica, sans-serif;\">Osvojenie si pracovn\u00fdch n\u00e1vykov priamo na pracovisku a&nbsp;mo\u017enos\u0165 kari\u00e9rneho rastu<\/span><\/li>\n<li><span style=\"font-size: 14pt; font-family: tahoma, arial, helvetica, sans-serif;\">Nadobudnutie kvalifik\u00e1cie a&nbsp;praxe priamo vo firme<\/span><\/li>\n<li><span style=\"font-size: 14pt; font-family: tahoma, arial, helvetica, sans-serif;\">Plynul\u00fd prechod do zamestnania, skr\u00e1tenie adapta\u010dnej f\u00e1zy pri n\u00e1stupe do pracovn\u00e9ho pomeru a&nbsp;r\u00fdchlej\u0161ie dosiahnutie pracovn\u00e9ho v\u00fdkonu s&nbsp;lep\u0161\u00edm mzdov\u00fdm ohodnoten\u00edm<\/span><\/li>\n<li><span style=\"font-size: 14pt; font-family: tahoma, arial, helvetica, sans-serif;\">\u010cerpanie benefitov (finan\u010dn\u00e9, nefinan\u010dn\u00e9) u\u017e po\u010das \u0161t\u00fadia \u2013 poskytovanie obedov (alebo alternat\u00edvnej n\u00e1hrady) po\u010das dn\u00ed praxe, zlep\u0161enie finan\u010dn\u00e9ho statusu rodiny prostredn\u00edctvom motiva\u010dn\u00e9ho \u0161tipendia v&nbsp;1. ro\u010dn\u00edku vo v\u00fd\u0161ke 50 \u20ac mesa\u010dne, odmena za produkt\u00edvnu pr\u00e1cu na pracovisk\u00e1ch vo vy\u0161\u0161\u00edch ro\u010dn\u00edkoch, \u017eupn\u00e1 BUS karta po\u010das cel\u00e9ho \u0161t\u00fadia v&nbsp;SDV, mo\u017enos\u0165 cestova\u0165 denne zdarma na autobusoch pr\u00edmestskej dopravy<\/span><\/li>\n<li><span style=\"font-size: 14pt; font-family: tahoma, arial, helvetica, sans-serif;\">Mo\u017enos\u0165 vzdel\u00e1va\u0165 sa a&nbsp;s\u00fa\u010dasne ma\u0165 vlastn\u00fd z\u00e1robok u\u017e na strednej \u0161kole<\/span><\/li>\n<li><span style=\"font-size: 14pt; font-family: tahoma, arial, helvetica, sans-serif;\">Jednotliv\u00e9 firmy poskytuj\u00fa \u017eiakom v&nbsp;SDV e\u0161te \u010fal\u0161ie benefity, ktor\u00e9 sa u\u017e navz\u00e1jom l\u00ed\u0161ia.<\/span><\/li>\n<\/ul>\n<p><span style=\"font-size: 18pt; font-family: tahoma, arial, helvetica, sans-serif; color: #ff6600;\"><strong>Ako na to?<\/strong><\/span><\/p>\n<ul>\n<li><span style=\"font-size: 14pt; font-family: tahoma, arial, helvetica, sans-serif;\">Vyber si zamestn\u00e1vate\u013ea. Ke\u010f \u00faspe\u0161ne absolvuje\u0161 v\u00fdberov\u00e9 konanie, dostane\u0161 od neho potvrdenie od odbornom vzdel\u00e1van\u00ed a&nbsp;pr\u00edprave \u017eiaka v&nbsp;syst\u00e9me du\u00e1lneho vzdel\u00e1vania<\/span><\/li>\n<li><span style=\"font-size: 14pt; font-family: tahoma, arial, helvetica, sans-serif;\">Potvrdenie prilo\u017e\u00ed\u0161 k&nbsp;prihl\u00e1\u0161ke na \u0161t\u00fadiu a&nbsp;absolvuje\u0161 prij\u00edma\u010dky<\/span><\/li>\n<li><span style=\"font-size: 14pt; font-family: tahoma, arial, helvetica, sans-serif;\">Pred za\u010diatkom \u0161t\u00fadia s&nbsp;Tebou zamestn\u00e1vate\u013e uzavrie u\u010debn\u00fa zmluvu<\/span><\/li>\n<li><span style=\"font-size: 14pt; font-family: tahoma, arial, helvetica, sans-serif;\">Ak to nestihne\u0161 pred n\u00e1stupom do \u0161koly, ni\u010d nie je straten\u00e9. Dualistom sa m\u00f4\u017ee\u0161 sta\u0165 e\u0161te do konca prv\u00e9ho polroka prv\u00e9ho ro\u010dn\u00edka<\/span><\/li>\n<\/ul>\n<p><strong><span style=\"font-size: 18.0pt; font-family: 'Tahoma','sans-serif'; color: #ff6600;\">Na\u0161e \u0161tudijn\u00e9 odbory v&nbsp;du\u00e1lnom vzdel\u00e1van\u00ed <\/span><\/strong><\/p>\n<p><span style=\"font-size: 14.0pt; font-family: 'Tahoma','sans-serif';\">6317 M obchodn\u00e1 akad\u00e9mia<\/span><\/p>\n<p><span style=\"font-size: 14.0pt; font-family: 'Tahoma','sans-serif';\">6327 M ekonomick\u00e9 a&nbsp;administrat\u00edvne slu\u017eby v podnikan\u00ed<\/span><\/p>\n<p><strong><span style=\"font-size: 18.0pt; font-family: 'Tahoma','sans-serif'; color: #ff6600;\">Partneri du\u00e1lneho vzdel\u00e1vania<\/span><\/strong><\/p>\n<p><span style=\"font-size: 14.0pt; font-family: 'Tahoma','sans-serif';\">Reylon, s. r. o. , K\u00fatniky<\/span><\/p>\n<p><span style=\"font-size: 14.0pt; font-family: 'Tahoma','sans-serif';\">ACCOUNTING BK, s. r. o., Kom\u00e1rno<\/span><\/p>\n<p><span style=\"font-size: 14.0pt; font-family: 'Tahoma','sans-serif';\">TRIFEL, s. r. o., Ve\u013ek\u00fd Meder<\/span><\/p>\n<p><span style=\"font-size: 14.0pt; font-family: 'Tahoma','sans-serif';\">MAS PODUNAJSKO o. z., Doln\u00fd \u0160t\u00e1l<\/span><\/p>\n<p><span style=\"font-size: 14.0pt; font-family: 'Tahoma','sans-serif';\">DOMATI, s. r. o., Doln\u00fd \u0160t\u00e1l<\/span><\/p>\n<p><span style=\"font-size: 14.0pt; font-family: 'Tahoma','sans-serif';\">LIMAKO, s. r. o., \u010cili\u017esk\u00e1 Radva\u0148<\/span><\/p>\n<p><span style=\"font-size: 14.0pt; font-family: 'Tahoma','sans-serif';\">Obec Brestovec<\/span><\/p>\n<p><span style=\"font-size: 14.0pt; font-family: 'Tahoma','sans-serif';\">SB Dunajsk\u00e1 Streda, s. r. o.<\/span><\/p>\n<p><span style=\"font-size: 14.0pt; font-family: 'Tahoma','sans-serif';\">DUNEA, a. s., Dunajsk\u00e1 Streda<\/span><\/p>\n<p><span style=\"font-size: 14.0pt; font-family: 'Tahoma','sans-serif';\">Obecn\u00fd \u00farad \u010c\u00ed\u010dov<\/span><\/p>\n<p><span style=\"font-size: 14.0pt; font-family: 'Tahoma','sans-serif';\">Obec Patince<\/span><\/p>\n<p><span style=\"font-size: 14.0pt; font-family: 'Tahoma','sans-serif';\">PD Sokolce<\/span><\/p>\n<p><span style=\"font-size: 14.0pt; font-family: 'Tahoma','sans-serif';\">EXATA GROUP, a. s.<\/span><\/p>\n<p><span style=\"font-size: 14.0pt; font-family: 'Tahoma','sans-serif';\">Al\u017ebeta Bartalov\u00e1<\/span><\/p>\n<p><span style=\"font-size: 14.0pt; font-family: 'Tahoma','sans-serif';\">Ing. \u013dudov\u00edt Fiala-IFL<\/span><\/p>\n<p><span style=\"font-size: 14.0pt; font-family: 'Tahoma','sans-serif';\">Obec O\u013edza<\/span><\/p>\n<p><span style=\"font-size: 14.0pt; font-family: 'Tahoma','sans-serif';\">Obec Holiare<\/span><\/p>\n<p><span style=\"font-size: 14.0pt; font-family: 'Tahoma','sans-serif';\">BT CARS DS, s. r. o.<\/span><\/p>\n<p><span style=\"font-size: 14.0pt; font-family: 'Tahoma','sans-serif';\">SOMMTOR, s. r. o.<\/span><\/p>\n<p><span style=\"font-size: 14.0pt; font-family: 'Tahoma','sans-serif';\">KAMILLA, s. r. o.<\/span><\/p>\n<p><span style=\"font-size: 14.0pt; font-family: 'Tahoma','sans-serif';\">AUTOSERVIS NGN, s. r. o.<\/span><\/p>\n<p><span style=\"font-size: 14.0pt; font-family: 'Tahoma','sans-serif';\">EUROMILK, a. s.<\/span><\/p>\n<p><span style=\"font-size: 14.0pt; font-family: 'Tahoma','sans-serif';\">ISTERMEAT, a. s.<\/span><\/p>\n<p><span style=\"font-size: 14.0pt; font-family: 'Tahoma','sans-serif';\">ASKARA, s. r. o.<\/span><\/p>\n<p><span style=\"font-size: 14.0pt; font-family: 'Tahoma','sans-serif';\">INTERSPEED SPOL., s. r. o.<\/span><\/p>\n<p><span style=\"font-size: 14.0pt; font-family: 'Tahoma','sans-serif';\">VITALITA n. o. LEHNICE<\/span><\/p>\n<p><span style=\"font-size: 14.0pt; font-family: 'Tahoma','sans-serif';\">Mesto Kom\u00e1rno<\/span><\/p>\n<p><span style=\"font-size: 14.0pt; font-family: 'Tahoma','sans-serif';\">CAPRIOLO SLOVAKIA, s. r. o.<\/span><\/p>\n<p><span style=\"font-size: 14.0pt; font-family: 'Tahoma','sans-serif';\">PHARIUS, s. r. o.<\/span><\/p>\n<p><span style=\"font-size: 14.0pt; font-family: 'Tahoma','sans-serif';\">PARAGRAF, s. r. o.<\/span><\/p>\n<p><span style=\"font-size: 14.0pt; font-family: 'Tahoma','sans-serif';\">KORNELIA FIN, s. r. o.<\/span><\/p>\n<p><span style=\"font-size: 14.0pt; font-family: 'Tahoma','sans-serif';\">Z\u00e1kladn\u00e1 \u0161kola s vyu\u010dovac\u00edm jazykom ma\u010farsk\u00fdm Zlat\u00e9 Klasy<\/span><\/p>\n<p><span style=\"font-size: 14.0pt; font-family: 'Tahoma','sans-serif';\">CRUMENA, s. r. o.<\/span><\/p>\n<p><span style=\"font-size: 14.0pt; font-family: 'Tahoma','sans-serif';\">BLACKFIN, s. r. o.<\/span><\/p>\n<p><span style=\"font-size: 14.0pt; font-family: 'Tahoma','sans-serif';\">Obec Marcelov\u00e1<\/span><\/p>\n<p><span style=\"font-size: 14.0pt; font-family: 'Tahoma','sans-serif';\">\u017ditnoostrovsk\u00e9 osvetov\u00e9 stredisko<\/span><\/p>\n<p><span style=\"font-size: 14.0pt; font-family: 'Tahoma','sans-serif';\">BERRY SLOVAKIA, s. r. o.<\/span><\/p>\n<p><span style=\"font-size: 14.0pt; font-family: 'Tahoma','sans-serif';\">Obec Horn\u00e1 Pot\u00f4\u0148<\/span><\/p>\n<p><span style=\"font-family: tahoma, arial, helvetica, sans-serif; font-size: 14pt;\"><strong>&nbsp;<\/strong><\/span><\/p>\n<p><span style=\"font-family: tahoma, arial, helvetica, sans-serif; font-size: 18pt; color: #ff6600;\"><strong>Po\u010f \u0161tudova\u0165 du\u00e1lne!<\/strong><\/span><\/p>\n<p>&nbsp;<\/p>\n<h3 style=\"text-align: justify;\"><span style=\"font-family: tahoma, arial, helvetica, sans-serif; font-size: 18pt; color: #ff6600;\"><strong>Pokra\u010dovanie du\u00e1lneho vzdel\u00e1vania<\/strong><\/span><\/h3>\n<p style=\"text-align: justify;\"><span style=\"font-family: tahoma, arial, helvetica, sans-serif; font-size: 14pt;\">Podstata du\u00e1lneho vzdel\u00e1vania spo\u010d\u00edva v&nbsp;pr\u00edprave na povolanie v&nbsp;re\u00e1lnych podmienkach u&nbsp;zamestn\u00e1vate\u013ea. \u017diaci absolvuj\u00fa teoretick\u00e9 vzdel\u00e1vanie v&nbsp;\u0161kole a&nbsp;praktick\u00e9 vyu\u010dovanie u&nbsp;partnersk\u00e9ho zamestn\u00e1vate\u013ea. \u017diaci s&nbsp;uzavret\u00fdmi u\u010debn\u00fdmi zmluvami so zamestn\u00e1vate\u013eom si maj\u00fa mo\u017enos\u0165 bezprostredne vysk\u00fa\u0161a\u0165 te\u00f3riu v praxi. Po \u00faspe\u0161nom ukon\u010den\u00ed \u0161t\u00fadia \u017eiaci z\u00edskaj\u00fa na trhu pr\u00e1ce konkuren\u010dn\u00fa v\u00fdhodu, a&nbsp;to najm\u00e4 v&nbsp;zru\u010dnostiach \u010di znalostiach z\u00edskan\u00fdch praxou priamo u&nbsp;zamestn\u00e1vate\u013ea.<\/span><\/p>\n<p style=\"text-align: justify;\"><span style=\"font-family: tahoma, arial, helvetica, sans-serif; font-size: 14pt;\">Na\u0161a \u0161kola, Obchodn\u00e1 akad\u00e9mia vo Ve\u013ekom Mederi aj v \u0161kolskom roku 2022\/2023 pokra\u010duje <\/span><br \/>\n<span style=\"font-family: tahoma, arial, helvetica, sans-serif; font-size: 14pt;\">v programe du\u00e1lneho vzdel\u00e1vania. V tomto \u0161kolskom roku sme uzatvorili zmluvu s partnerskou spolo\u010dnos\u0165ou ACCOUNTING BK, s. r. o., ktor\u00e1 zabezpe\u010d\u00ed 2 pracovn\u00e9 miesta pre \u017eiakov prv\u00e9ho ro\u010dn\u00edka. Trin\u00e1sti \u0161tudenti maj\u00fa uzavret\u00fa u\u010debn\u00fa zmluvu v t\u00fdchto firm\u00e1ch: K&amp;K Benefit, Inter Harmony, Reylon, BACKSTAGE Consulting, ACCOUNTING BK s. r. o..<\/span><\/p>\n<p style=\"text-align: justify;\"><span style=\"font-family: tahoma, arial, helvetica, sans-serif; font-size: 14pt;\">Du\u00e1lne vzdel\u00e1vanie je vz\u00e1jomne v\u00fdhodn\u00e9 pre \u017eiakov, du\u00e1lnych partnerov a taktie\u017e pre na\u0161u \u0161kolu. U\u010ditelia&nbsp; m\u00f4\u017eu nov\u00e9 vedomosti z\u00edskan\u00e9 od du\u00e1lnych \u017eiakov rozpracova\u0165 do tematick\u00fdch pl\u00e1nov jednotliv\u00fdch predmetov a t\u00fdm zvy\u0161ova\u0165 kvalitu praktick\u00e9ho vzdel\u00e1vania.<\/span><\/p>\n<h3 style=\"text-align: right;\">&nbsp;<\/h3>\n<h3><span style=\"font-family: tahoma, arial, helvetica, sans-serif; color: #ff6600; font-size: 18pt;\"><strong>\u201e\u00da\u010dtovn\u00edci\u201c op\u00e4\u0165 s\u00fa\u010das\u0165ou du\u00e1lneho vzdel\u00e1vania<\/strong><\/span><\/h3>\n<p style=\"text-align: justify;\"><span style=\"font-family: tahoma, arial, helvetica, sans-serif; font-size: 14pt;\">V predch\u00e1dzaj\u00facom \u0161kolskom roku sa na\u0161a \u0161kola, Obchodn\u00e1 akad\u00e9mia vo Ve\u013ekom Mederi ako prv\u00e1 z obchodn\u00fdch akad\u00e9mi\u00ed zapojila do syst\u00e9mu du\u00e1lneho vzdel\u00e1vania. V tomto \u0161kolskom roku sme op\u00e4\u0165 spustili praktick\u00fa v\u00fdu\u010dbu odborn\u00fdch ekonomick\u00fdch predmetov u&nbsp;dvoch zamestn\u00e1vate\u013eov. \u0160tyria \u0161tudenti prv\u00e9ho ro\u010dn\u00edka tak dostan\u00fa mo\u017enos\u0165 z\u00edska\u0165 praktick\u00e9 vedomosti a zru\u010dnosti u nich, stretn\u00fa\u0165 sa s nov\u00fdmi v\u00fdzvami , by\u0165 s\u00fa\u010das\u0165ou mlad\u00e9ho kolekt\u00edvu. Rozdielom oproti klasickej v\u00fdu\u010dbe je, \u017ee teoretick\u00e9 vyu\u010dovanie v \u0161kole a praktick\u00e9 vyu\u010dovanie u zamestn\u00e1vate\u013ea prebieha s\u00fa\u010dasne.<\/span><\/p>\n<p style=\"text-align: justify;\"><span style=\"font-family: tahoma, arial, helvetica, sans-serif; font-size: 14pt;\">V tomto \u0161kolskom roku sa \u0161tudenti prv\u00e9ho a druh\u00e9ho ro\u010dn\u00edka bud\u00fa z\u00fa\u010dast\u0148ova\u0165 praktick\u00e9ho vyu\u010dovania vo firm\u00e1ch K&amp;K Benefit, s. r. o. a Inter Harmony, s. r. o., jedna \u0161tudentka druh\u00e9ho ro\u010dn\u00edka v spolo\u010dnosti Reylon, s. r. o. \u017diaci prv\u00e9ho ro\u010dn\u00edka absolvovali hne\u010f v prv\u00fd t\u00fd\u017ede\u0148 pohovor, na z\u00e1klade ktor\u00e9ho odborn\u00e1 komisia vybrala t\u00fdch \u0161tyroch, ktor\u00ed po\u010das cel\u00e9ho \u0161t\u00fadia bud\u00fa z\u00edskava\u0165 praktick\u00e9 poznatky u zamestn\u00e1vate\u013ea. Po\u010das osobn\u00fdch pohovorov sme posudzovali siln\u00e9 a slab\u00e9 str\u00e1nky \u0161tudentov, ich postoj k pr\u00e1ci v kolekt\u00edve, reakcie na nepredv\u00eddate\u013en\u00e9 situ\u00e1cie, a tie\u017e predpoklady osobnostn\u00e9ho a profesion\u00e1lneho rozvoja. <\/span><br \/>\n<span style=\"font-family: tahoma, arial, helvetica, sans-serif; font-size: 14pt;\">V z\u00e1vere sa uskuto\u010dnilo spolo\u010dn\u00e9 zhodnotenie, po\u010das ktor\u00e9ho komisiu zauj\u00edmali n\u00e1zory \u0161tudentov na to, ako pre\u017e\u00edvali predch\u00e1dzaj\u00face chv\u00edle, \u010do pre nich predstavovalo \u0165a\u017ekosti, ktor\u00e9 ot\u00e1zky ich prekvapili. Jednozna\u010dne ozna\u010dili na najprekvapivej\u0161iu a najneo\u010dak\u00e1vanej\u0161iu ot\u00e1zku \u201e\u010co bola najv\u00e4\u010d\u0161ia chyba, ktor\u00fa si doteraz urobil\/urobila?\u201d Vyhodnotenie prebiehalo v uvo\u013enenej atmosf\u00e9re, nervozita \u0161tudentov opadla. Pova\u017eovali sme za d\u00f4le\u017eit\u00e9, aby \u017eiaci odch\u00e1dzali zo svojho prv\u00e9ho pohovoru s pozit\u00edvnym dojmom.<\/span><\/p>\n<p style=\"text-align: justify;\"><span style=\"font-size: 14pt;\"><span style=\"font-family: tahoma, arial, helvetica, sans-serif;\">Du\u00e1lne vzdel\u00e1vanie predstavuje pre \u017eiakov ve\u013ek\u00fa pr\u00edle\u017eitos\u0165, aby u\u017e po\u010das stredo\u0161kolsk\u00e9ho \u0161t\u00fadia za\u017eili, ak\u00e9 je to by\u0165 zamestnancom firmy a z\u00e1rove\u0148 z\u00edska\u0165 vedomosti <\/span><span style=\"font-family: tahoma, arial, helvetica, sans-serif;\">od odborn\u00edkov z&nbsp;praxe.<\/span><\/span><\/p>\n<h3 style=\"text-align: right;\">&nbsp;<\/h3>\n<h3><span style=\"font-size: 18pt; color: #ff6600;\"><strong>Konkurencieschopnej\u0161\u00ed absolventi du\u00e1lneho vzdel\u00e1vania<\/strong><\/span><span style=\"font-family: tahoma, arial, helvetica, sans-serif; font-size: 16px;\">&nbsp; &nbsp;<\/span><\/h3>\n<p style=\"text-align: justify;\"><span style=\"font-family: tahoma, arial, helvetica, sans-serif; font-size: 14pt;\">V&nbsp;\u0161kolskom roku 2019\/2020 sa do du\u00e1lneho vzdel\u00e1vania mohli zapoji\u0165 aj obchodn\u00e9 akad\u00e9mie. Aj na\u0161a \u0161kola \u2013 Obchodn\u00e1 akad\u00e9mia vo Ve\u013ekom Mederi \u2013 maj\u00fac na zreteli z\u00e1ujmy \u0161tudentov, sa ako priekopn\u00edk zapojila do du\u00e1lneho vzdel\u00e1vania. Tento typ vzdel\u00e1vania umo\u017e\u0148uje, aby sa \u0161tudenti pripravovali na svoju bud\u00facu profesiu v&nbsp;re\u00e1lnych podmienkach. Nezanedbate\u013en\u00fdm je aj fakt, \u017ee \u0161tudenti dostan\u00fa aj \u0161t\u00e1tny pr\u00edspevok, bezplatn\u00e1 bude pre nich autobusov\u00e1 doprava na pracovisko aj do \u0161koly. Okrem praktick\u00e9ho vzdel\u00e1vania z\u00edskaj\u00fa sk\u00fasenosti aj s&nbsp;t\u00edmovou pr\u00e1cou.&nbsp;<\/span><\/p>\n<p style=\"text-align: justify;\"><span style=\"font-family: tahoma, arial, helvetica, sans-serif;\"><span style=\"font-size: 14pt;\">Pevne ver\u00edme v&nbsp;to, \u017ee sme sa rozhodli spr\u00e1vne, ke\u010f\u017ee sa do vzdel\u00e1vania \u0161tudentov akt\u00edvne zapoja podniky, v&nbsp;ktor\u00fdch si v&nbsp;\u0161kole z\u00edskan\u00e9 teoretick\u00e9 vedomosti m\u00f4\u017eu overi\u0165 v&nbsp;praxi.&nbsp;Ve\u013ekou v\u00fdhodou t\u00fdchto \u0161tudentov bude, to, \u017ee na trh pr\u00e1ce vst\u00fapia u\u017e s&nbsp;odbornou praxou. &nbsp;<\/span>&nbsp;<\/span><\/p>\n<p>&nbsp;<\/p>\n","protected":false},"excerpt":{"rendered":"<p>&nbsp; \ufeffA b\u00f6ng\u00e9sz\u0151je sajnos nem rendelkezik PDF be\u00e9p\u00fcl\u0151 modullal. Ide kattintva viszont let\u00f6ltheti a PDF f\u00e1jlt.&nbsp; &nbsp; Du\u00e1lne vzdel\u00e1vanie je vo\u013eba pre tvoju bud\u00facnos\u0165 \u010co je du\u00e1lne vzdel\u00e1vanie? Du\u00e1lne vzdel\u00e1vanie je modern\u00fd sp\u00f4sob pr\u00edpravy na povolanie, v&nbsp;ktorom sa \u017eiak u\u010d\u00ed, ako premeni\u0165 teoretick\u00e9 vedomosti na praktick\u00e9 priamo na p\u00f4de zamestn\u00e1vate\u013ea. Cel\u00e1 praktick\u00e1 pr\u00edprava sa uskuto\u010d\u0148uje, &#8230; <a title=\"Du\u00e1lne vzdel\u00e1vanie\" class=\"read-more\" href=\"http:\/\/www.oagvm.sk\/wpsk\/?page_id=2090\">\u010c\u00edta\u0165 viac<span class=\"screen-reader-text\">Du\u00e1lne vzdel\u00e1vanie<\/span><\/a><\/p>\n","protected":false},"author":1,"featured_media":0,"parent":368,"menu_order":0,"comment_status":"closed","ping_status":"closed","template":"","meta":{"ngg_post_thumbnail":0},"_links":{"self":[{"href":"http:\/\/www.oagvm.sk\/wpsk\/index.php?rest_route=\/wp\/v2\/pages\/2090"}],"collection":[{"href":"http:\/\/www.oagvm.sk\/wpsk\/index.php?rest_route=\/wp\/v2\/pages"}],"about":[{"href":"http:\/\/www.oagvm.sk\/wpsk\/index.php?rest_route=\/wp\/v2\/types\/page"}],"author":[{"embeddable":true,"href":"http:\/\/www.oagvm.sk\/wpsk\/index.php?rest_route=\/wp\/v2\/users\/1"}],"replies":[{"embeddable":true,"href":"http:\/\/www.oagvm.sk\/wpsk\/index.php?rest_route=%2Fwp%2Fv2%2Fcomments&post=2090"}],"version-history":[{"count":40,"href":"http:\/\/www.oagvm.sk\/wpsk\/index.php?rest_route=\/wp\/v2\/pages\/2090\/revisions"}],"predecessor-version":[{"id":5347,"href":"http:\/\/www.oagvm.sk\/wpsk\/index.php?rest_route=\/wp\/v2\/pages\/2090\/revisions\/5347"}],"up":[{"embeddable":true,"href":"http:\/\/www.oagvm.sk\/wpsk\/index.php?rest_route=\/wp\/v2\/pages\/368"}],"wp:attachment":[{"href":"http:\/\/www.oagvm.sk\/wpsk\/index.php?rest_route=%2Fwp%2Fv2%2Fmedia&parent=2090"}],"curies":[{"name":"wp","href":"https:\/\/api.w.org\/{rel}","templated":true}]}}