{"id":2576,"date":"2021-07-12T10:51:14","date_gmt":"2021-07-12T08:51:14","guid":{"rendered":"http:\/\/www.oagvm.sk\/wpsk\/?page_id=2576"},"modified":"2025-04-23T12:46:17","modified_gmt":"2025-04-23T10:46:17","slug":"edingurgh-2018-2019","status":"publish","type":"page","link":"http:\/\/www.oagvm.sk\/wpsk\/?page_id=2576","title":{"rendered":"Edinburgh &#8211; 2018\/2019"},"content":{"rendered":"<h3><a href=\"http:\/\/www.oagvm.sk\/wpsk\/?page_id=2537\"><img loading=\"lazy\" class=\"alignnone size-full wp-image-2544\" src=\"http:\/\/www.oagvm.sk\/wpsk\/wp-content\/uploads\/2021\/07\/unas.png\" alt=\"\" width=\"98\" height=\"31\"><\/a><\/h3>\n<h3><a href=\"http:\/\/www.oagvm.sk\/wpsk\/?page_id=5009\"><img loading=\"lazy\" class=\"alignnone wp-image-5990 size-full\" title=\"http:\/\/www.oagvm.sk\/wphu\/?page_id=6007\" src=\"http:\/\/www.oagvm.sk\/wphu\/wp-content\/uploads\/2025\/04\/24-25.png\" alt=\"\" width=\"136\" height=\"31\"><\/a> <a href=\"http:\/\/www.oagvm.sk\/wpsk\/?page_id=4897\"><img loading=\"lazy\" class=\"alignnone wp-image-5863 size-full\" src=\"http:\/\/www.oagvm.sk\/wphu\/wp-content\/uploads\/2024\/10\/23-24-1.png\" alt=\"\" width=\"136\" height=\"31\"><\/a> <a href=\"http:\/\/www.oagvm.sk\/wpsk\/?page_id=3514\"><img loading=\"lazy\" class=\"alignnone wp-image-5864 size-full\" src=\"http:\/\/www.oagvm.sk\/wphu\/wp-content\/uploads\/2024\/10\/22-23-1.png\" alt=\"\" width=\"136\" height=\"31\"><\/a>&nbsp;<\/h3>\n<h3><a href=\"http:\/\/www.oagvm.sk\/wpsk\/?page_id=3510\"><img loading=\"lazy\" class=\"alignnone size-full wp-image-3515\" src=\"http:\/\/www.oagvm.sk\/wphu\/wp-content\/uploads\/2022\/11\/21-22-1.png\" alt=\"\" width=\"136\" height=\"31\"><\/a> <a href=\"http:\/\/www.oagvm.sk\/wpsk\/?page_id=2606\"><img loading=\"lazy\" class=\"alignnone size-full wp-image-2299\" src=\"http:\/\/www.oagvm.sk\/wphu\/wp-content\/uploads\/2021\/08\/20-21.png\" alt=\"\" width=\"136\" height=\"31\"><\/a> <a href=\"http:\/\/www.oagvm.sk\/wpsk\/?page_id=2604\"><img loading=\"lazy\" class=\"alignnone size-full wp-image-2298\" src=\"http:\/\/www.oagvm.sk\/wphu\/wp-content\/uploads\/2021\/08\/19-20.png\" alt=\"\" width=\"136\" height=\"31\"><\/a> <a href=\"http:\/\/www.oagvm.sk\/wpsk\/?page_id=2576\"><img loading=\"lazy\" class=\"alignnone size-full wp-image-2297\" src=\"http:\/\/www.oagvm.sk\/wphu\/wp-content\/uploads\/2021\/08\/18-19.png\" alt=\"\" width=\"136\" height=\"31\"><\/a><\/h3>\n<h3><strong><span style=\"font-family: tahoma, arial, helvetica, sans-serif; font-size: 18pt;\">Dobrodru\u017en\u00e1 exped\u00edcia v pohor\u00ed Pilis<\/span><\/strong><\/h3>\n<h3><span style=\"font-family: tahoma, arial, helvetica, sans-serif;\">Pe\u0161ia t\u00fara v okol\u00ed obc\u00ed Dobog\u00f3k\u0151 a D\u00f6m\u00f6s. Putovanie napr\u00edklad v rokline R\u00e1m, panor\u00e1ma z rozh\u013eadne Dobog\u00f3k\u0151 a z vrcholu hory R\u00e1m, pitie z Mikl\u00f3sovho prame\u0148a, kr\u00e1sa skalnat\u00fdch ve\u017e\u00ed Thirringovej okru\u017enej cesty a pe\u0161o dole historicky najstar\u0161\u00edm ly\u017eiarskym svahom Uhorska.<\/span><\/h3>\n<h3 style=\"text-align: center;\"><div id=\"metaslider-id-2555\" style=\"width: 100%;\" class=\"ml-slider-3-27-0 metaslider metaslider-flex metaslider-2555 ml-slider nav-hidden\">\n    <div id=\"metaslider_container_2555\">\n        <div id=\"metaslider_2555\">\n            <ul aria-live=\"polite\" class=\"slides\">\n                <li style=\"display: block; width: 100%;\" class=\"slide-2566 ms-image\"><img src=\"http:\/\/www.oagvm.sk\/wpsk\/wp-content\/uploads\/2021\/07\/edinbourgh-01-600x337.jpg\" height=\"450\" width=\"800\" alt=\"\" class=\"slider-2555 slide-2566\" title=\"edinbourgh-01\" \/><\/li>\n                <li style=\"display: none; width: 100%;\" class=\"slide-2567 ms-image\"><img src=\"http:\/\/www.oagvm.sk\/wpsk\/wp-content\/uploads\/2021\/07\/edinbourgh-02-600x337.jpg\" height=\"450\" width=\"800\" alt=\"\" class=\"slider-2555 slide-2567\" title=\"edinbourgh-02\" \/><\/li>\n                <li style=\"display: none; width: 100%;\" class=\"slide-2568 ms-image\"><img src=\"http:\/\/www.oagvm.sk\/wpsk\/wp-content\/uploads\/2021\/07\/edinbourgh-03-600x337.jpg\" height=\"450\" width=\"800\" alt=\"\" class=\"slider-2555 slide-2568\" title=\"edinbourgh-03\" \/><\/li>\n                <li style=\"display: none; width: 100%;\" class=\"slide-2569 ms-image\"><img src=\"http:\/\/www.oagvm.sk\/wpsk\/wp-content\/uploads\/2021\/07\/edinbourgh-04-600x337.jpg\" height=\"450\" width=\"800\" alt=\"\" class=\"slider-2555 slide-2569\" title=\"edinbourgh-04\" \/><\/li>\n                <li style=\"display: none; width: 100%;\" class=\"slide-2570 ms-image\"><img src=\"http:\/\/www.oagvm.sk\/wpsk\/wp-content\/uploads\/2021\/07\/edinbourgh-05-600x337.jpg\" height=\"450\" width=\"800\" alt=\"\" class=\"slider-2555 slide-2570\" title=\"edinbourgh-05\" \/><\/li>\n                <li style=\"display: none; width: 100%;\" class=\"slide-2571 ms-image\"><img src=\"http:\/\/www.oagvm.sk\/wpsk\/wp-content\/uploads\/2021\/07\/edinbourgh-06-600x337.jpg\" height=\"450\" width=\"800\" alt=\"\" class=\"slider-2555 slide-2571\" title=\"edinbourgh-06\" \/><\/li>\n                <li style=\"display: none; width: 100%;\" class=\"slide-2572 ms-image\"><img src=\"http:\/\/www.oagvm.sk\/wpsk\/wp-content\/uploads\/2021\/07\/edinbourgh-07-600x337.jpg\" height=\"450\" width=\"800\" alt=\"\" class=\"slider-2555 slide-2572\" title=\"edinbourgh-07\" \/><\/li>\n                <li style=\"display: none; width: 100%;\" class=\"slide-2573 ms-image\"><img src=\"http:\/\/www.oagvm.sk\/wpsk\/wp-content\/uploads\/2021\/07\/edinbourgh-08-600x337.jpg\" height=\"450\" width=\"800\" alt=\"\" class=\"slider-2555 slide-2573\" title=\"edinbourgh-08\" \/><\/li>\n                <li style=\"display: none; width: 100%;\" class=\"slide-2574 ms-image\"><img src=\"http:\/\/www.oagvm.sk\/wpsk\/wp-content\/uploads\/2021\/07\/edinbourgh-09-600x337.jpg\" height=\"450\" width=\"800\" alt=\"\" class=\"slider-2555 slide-2574\" title=\"edinbourgh-09\" \/><\/li>\n                <li style=\"display: none; width: 100%;\" class=\"slide-2575 ms-image\"><img src=\"http:\/\/www.oagvm.sk\/wpsk\/wp-content\/uploads\/2021\/07\/edinbourgh-10-600x337.jpg\" height=\"450\" width=\"800\" alt=\"\" class=\"slider-2555 slide-2575\" title=\"edinbourgh-10\" \/><\/li>\n            <\/ul>\n        <\/div>\n        \n    <\/div>\n<\/div><\/h3>\n<h3><span style=\"font-family: tahoma, arial, helvetica, sans-serif;\"><a href=\"http:\/\/84.16.46.226:84\/hirfolyam19\/news.php?extend.5\">http:\/\/84.16.46.226:84\/hirfolyam19\/news.php?extend.5<\/a><\/span><\/h3>\n","protected":false},"excerpt":{"rendered":"<p>&nbsp; Dobrodru\u017en\u00e1 exped\u00edcia v pohor\u00ed Pilis Pe\u0161ia t\u00fara v okol\u00ed obc\u00ed Dobog\u00f3k\u0151 a D\u00f6m\u00f6s. Putovanie napr\u00edklad v rokline R\u00e1m, panor\u00e1ma z rozh\u013eadne Dobog\u00f3k\u0151 a z vrcholu hory R\u00e1m, pitie z Mikl\u00f3sovho prame\u0148a, kr\u00e1sa skalnat\u00fdch ve\u017e\u00ed Thirringovej okru\u017enej cesty a pe\u0161o dole historicky najstar\u0161\u00edm ly\u017eiarskym svahom Uhorska. http:\/\/84.16.46.226:84\/hirfolyam19\/news.php?extend.5<\/p>\n","protected":false},"author":1,"featured_media":0,"parent":2546,"menu_order":0,"comment_status":"closed","ping_status":"closed","template":"","meta":{"ngg_post_thumbnail":0},"_links":{"self":[{"href":"http:\/\/www.oagvm.sk\/wpsk\/index.php?rest_route=\/wp\/v2\/pages\/2576"}],"collection":[{"href":"http:\/\/www.oagvm.sk\/wpsk\/index.php?rest_route=\/wp\/v2\/pages"}],"about":[{"href":"http:\/\/www.oagvm.sk\/wpsk\/index.php?rest_route=\/wp\/v2\/types\/page"}],"author":[{"embeddable":true,"href":"http:\/\/www.oagvm.sk\/wpsk\/index.php?rest_route=\/wp\/v2\/users\/1"}],"replies":[{"embeddable":true,"href":"http:\/\/www.oagvm.sk\/wpsk\/index.php?rest_route=%2Fwp%2Fv2%2Fcomments&post=2576"}],"version-history":[{"count":15,"href":"http:\/\/www.oagvm.sk\/wpsk\/index.php?rest_route=\/wp\/v2\/pages\/2576\/revisions"}],"predecessor-version":[{"id":5036,"href":"http:\/\/www.oagvm.sk\/wpsk\/index.php?rest_route=\/wp\/v2\/pages\/2576\/revisions\/5036"}],"up":[{"embeddable":true,"href":"http:\/\/www.oagvm.sk\/wpsk\/index.php?rest_route=\/wp\/v2\/pages\/2546"}],"wp:attachment":[{"href":"http:\/\/www.oagvm.sk\/wpsk\/index.php?rest_route=%2Fwp%2Fv2%2Fmedia&parent=2576"}],"curies":[{"name":"wp","href":"https:\/\/api.w.org\/{rel}","templated":true}]}}