{"id":4486,"date":"2024-05-16T13:01:13","date_gmt":"2024-05-16T11:01:13","guid":{"rendered":"http:\/\/www.oagvm.sk\/wpsk\/?page_id=4486"},"modified":"2024-05-16T13:01:13","modified_gmt":"2024-05-16T11:01:13","slug":"vychovny-program-pre-skolsky-internat","status":"publish","type":"page","link":"http:\/\/www.oagvm.sk\/wpsk\/?page_id=4486","title":{"rendered":"V\u00fdchovn\u00fd program pre \u0161kolsk\u00fd intern\u00e1t"},"content":{"rendered":"\n<p align=\"center\">\n          <object data=\" \nhttp:\/\/www.oagvm.sk\/wphu\/wp-content\/uploads\/2024\/05\/Vychovny-program-pre-skolsky-internat-Velky-Meder.pdf\n\n\" \nwidth=\"820px\" \nheight=\"1130px\" \nbgcolor= \"#ff0000\"><\/p>\n<p>V\u00e1\u0161 prehliada\u010d bohu\u017eial nepodporuje zobrazenie PDF dokumentov.<br \/>\n              Kliknite sem <a href=\"\n\nhttp:\/\/www.oagvm.sk\/wphu\/wp-content\/uploads\/2024\/05\/Vychovny-program-pre-skolsky-internat-Velky-Meder.pdf\n\n\">pre stiahnutie PDF dokumentu.<\/a><\/p><\/object>\n        <\/p>\n","protected":false},"excerpt":{"rendered":"<p>V\u00e1\u0161 prehliada\u010d bohu\u017eial nepodporuje zobrazenie PDF dokumentov. Kliknite sem pre stiahnutie PDF dokumentu.<\/p>\n","protected":false},"author":2,"featured_media":0,"parent":368,"menu_order":0,"comment_status":"closed","ping_status":"closed","template":"","meta":{"ngg_post_thumbnail":0},"_links":{"self":[{"href":"http:\/\/www.oagvm.sk\/wpsk\/index.php?rest_route=\/wp\/v2\/pages\/4486"}],"collection":[{"href":"http:\/\/www.oagvm.sk\/wpsk\/index.php?rest_route=\/wp\/v2\/pages"}],"about":[{"href":"http:\/\/www.oagvm.sk\/wpsk\/index.php?rest_route=\/wp\/v2\/types\/page"}],"author":[{"embeddable":true,"href":"http:\/\/www.oagvm.sk\/wpsk\/index.php?rest_route=\/wp\/v2\/users\/2"}],"replies":[{"embeddable":true,"href":"http:\/\/www.oagvm.sk\/wpsk\/index.php?rest_route=%2Fwp%2Fv2%2Fcomments&post=4486"}],"version-history":[{"count":1,"href":"http:\/\/www.oagvm.sk\/wpsk\/index.php?rest_route=\/wp\/v2\/pages\/4486\/revisions"}],"predecessor-version":[{"id":4487,"href":"http:\/\/www.oagvm.sk\/wpsk\/index.php?rest_route=\/wp\/v2\/pages\/4486\/revisions\/4487"}],"up":[{"embeddable":true,"href":"http:\/\/www.oagvm.sk\/wpsk\/index.php?rest_route=\/wp\/v2\/pages\/368"}],"wp:attachment":[{"href":"http:\/\/www.oagvm.sk\/wpsk\/index.php?rest_route=%2Fwp%2Fv2%2Fmedia&parent=4486"}],"curies":[{"name":"wp","href":"https:\/\/api.w.org\/{rel}","templated":true}]}}