{"id":4897,"date":"2024-10-21T10:02:50","date_gmt":"2024-10-21T08:02:50","guid":{"rendered":"http:\/\/www.oagvm.sk\/wpsk\/?page_id=4897"},"modified":"2025-04-23T12:43:55","modified_gmt":"2025-04-23T10:43:55","slug":"edinburgh-2023-2024","status":"publish","type":"page","link":"http:\/\/www.oagvm.sk\/wpsk\/?page_id=4897","title":{"rendered":"Edinburgh \u2013 2023\/2024"},"content":{"rendered":"<h3><a href=\"http:\/\/www.oagvm.sk\/wpsk\/?page_id=2537\"><img loading=\"lazy\" class=\"alignnone size-full wp-image-2544\" src=\"http:\/\/www.oagvm.sk\/wpsk\/wp-content\/uploads\/2021\/07\/unas.png\" alt=\"\" width=\"98\" height=\"31\"><\/a><\/h3>\n<h3><a href=\"http:\/\/www.oagvm.sk\/wpsk\/?page_id=5009\"><img loading=\"lazy\" class=\"alignnone wp-image-5990 size-full\" title=\"http:\/\/www.oagvm.sk\/wphu\/?page_id=6007\" src=\"http:\/\/www.oagvm.sk\/wphu\/wp-content\/uploads\/2025\/04\/24-25.png\" alt=\"\" width=\"136\" height=\"31\"><\/a> <a href=\"http:\/\/www.oagvm.sk\/wpsk\/?page_id=4897\"><img loading=\"lazy\" class=\"alignnone wp-image-5863 size-full\" src=\"http:\/\/www.oagvm.sk\/wphu\/wp-content\/uploads\/2024\/10\/23-24-1.png\" alt=\"\" width=\"136\" height=\"31\"><\/a> <a href=\"http:\/\/www.oagvm.sk\/wpsk\/?page_id=3514\"><img loading=\"lazy\" class=\"alignnone wp-image-5864 size-full\" src=\"http:\/\/www.oagvm.sk\/wphu\/wp-content\/uploads\/2024\/10\/22-23-1.png\" alt=\"\" width=\"136\" height=\"31\"><\/a>&nbsp;<\/h3>\n<h3><a href=\"http:\/\/www.oagvm.sk\/wpsk\/?page_id=3510\"><img loading=\"lazy\" class=\"alignnone size-full wp-image-3515\" src=\"http:\/\/www.oagvm.sk\/wphu\/wp-content\/uploads\/2022\/11\/21-22-1.png\" alt=\"\" width=\"136\" height=\"31\"><\/a> <a href=\"http:\/\/www.oagvm.sk\/wpsk\/?page_id=2606\"><img loading=\"lazy\" class=\"alignnone size-full wp-image-2299\" src=\"http:\/\/www.oagvm.sk\/wphu\/wp-content\/uploads\/2021\/08\/20-21.png\" alt=\"\" width=\"136\" height=\"31\"><\/a> <a href=\"http:\/\/www.oagvm.sk\/wpsk\/?page_id=2604\"><img loading=\"lazy\" class=\"alignnone size-full wp-image-2298\" src=\"http:\/\/www.oagvm.sk\/wphu\/wp-content\/uploads\/2021\/08\/19-20.png\" alt=\"\" width=\"136\" height=\"31\"><\/a> <a href=\"http:\/\/www.oagvm.sk\/wpsk\/?page_id=2576\"><img loading=\"lazy\" class=\"alignnone size-full wp-image-2297\" src=\"http:\/\/www.oagvm.sk\/wphu\/wp-content\/uploads\/2021\/08\/18-19.png\" alt=\"\" width=\"136\" height=\"31\"><\/a><\/h3>\n<h3>&nbsp;<\/h3>\n<h3 style=\"text-align: justify;\"><span style=\"color: #ff6600;\"><strong><span style=\"font-family: tahoma, arial, helvetica, sans-serif;\">\u00da\u010delov\u00e9 cvi\u010denie Ochrana \u017eivota a zdravia<\/span><\/strong><\/span><\/h3>\n<h3 style=\"text-align: justify;\"><span style=\"font-family: tahoma, arial, helvetica, sans-serif;\">D\u0148a 14. septembra 2023 sa \u017eiaci Obchodnej akad\u00e9mie z\u00fa\u010dastnili ka\u017edoro\u010dne povinn\u00e9ho \u00fa\u010delov\u00e9ho cvi\u010denia, ktor\u00e9ho cie\u013eom bolo sprostredkovanie aktu\u00e1lnych poznatkov s\u00favisiacich s&nbsp;ochranou \u017eivota a&nbsp;zdravia a&nbsp;v\u00fdchova k&nbsp;ochrane pr\u00edrody.<\/span><\/h3>\n<h3 style=\"text-align: justify;\"><span style=\"font-family: tahoma, arial, helvetica, sans-serif;\">Kv\u00f4li da\u017ediv\u00e9mu po\u010dasiu sme bohu\u017eia\u013e boli n\u00faten\u00ed osta\u0165 v&nbsp;budove \u0161koly. \u017diaci vo svojich triedach sa pod doh\u013eadom pedag\u00f3gov zaoberali te\u00f3riou z&nbsp;nasledovn\u00fdch oblast\u00ed:<\/span><\/h3>\n<h3 style=\"text-align: justify;\"><span style=\"font-family: tahoma, arial, helvetica, sans-serif;\">zdrav\u00fd \u017eivotn\u00fd \u0161t\u00fdl, pohyb a&nbsp;zdravie, v\u00fdznam \u0161portovania, vo\u013eba povolania, program \u201eMedzin\u00e1rodn\u00e1 cena&nbsp;<em>vojvodu z&nbsp;Edinburghu\u201d a problematika ochrany pr\u00edrody (program Zelen\u00e1 \u0161kola).<\/em><\/span><\/h3>\n<h3 style=\"text-align: justify;\"><span style=\"font-family: tahoma, arial, helvetica, sans-serif;\">Predn\u00e1\u0161ky boli doplnen\u00e9 multimedi\u00e1lnymi prezent\u00e1ciami s\u00favisiacimi s&nbsp;danou problematikou. \u0160tudentov zaujali predov\u0161etk\u00fdm inform\u00e1cie t\u00fdkaj\u00face sa zdrav\u00e9ho \u017eivotn\u00e9ho \u0161t\u00fdlu, pohybu a&nbsp;zdravia.<\/span><\/h3>\n<h3 style=\"text-align: right;\"><span style=\"font-family: tahoma, arial, helvetica, sans-serif;\"><em>Vojtech Hossz\u00fa<\/em>, u\u010dite\u013e telesnej v\u00fdchovy<\/span><\/h3>\n<h3 style=\"text-align: right;\"><span style=\"font-family: tahoma, arial, helvetica, sans-serif;\"><em><img loading=\"lazy\" class=\"size-full wp-image-5884 aligncenter\" src=\"http:\/\/www.oagvm.sk\/wphu\/wp-content\/uploads\/2024\/10\/ismerteto.jpg\" alt=\"\" width=\"800\" height=\"533\"><\/em><\/span><\/h3>\n<h3>&nbsp;<\/h3>\n<h3 style=\"text-align: justify;\"><strong><span style=\"font-family: tahoma, arial, helvetica, sans-serif; color: #ff6600;\">Medzin\u00e1rodn\u00e1 cena vojvodu z&nbsp;Edinburghu \u2013 bronzov\u00e1 cena<\/span><\/strong><\/h3>\n<h3 style=\"text-align: justify;\"><span style=\"font-family: tahoma, arial, helvetica, sans-serif;\">Je pre n\u00e1s pote\u0161en\u00edm, \u017ee aj v tomto \u0161kolskom roku m\u00f4\u017eeme oceni\u0165 h\u00fa\u017eevnatos\u0165, usilovnos\u0165 a vytrvalos\u0165&nbsp; \u017eia\u010dky, ktor\u00e1 program dokon\u010dila na bronzovej \u00farovni. Tou \u017eia\u010dkou je Edina Gaty\u00e1\u0161ov\u00e1 z II.B triedy a ocenenie dnes z\u00edskava za dosiahnutie vyt\u00fd\u010den\u00fdch cie\u013eov vo v\u0161etk\u00fdch oblastiach v programe Dofe.&nbsp;<\/span><\/h3>\n<h3 style=\"text-align: justify;\"><span style=\"font-family: tahoma, arial, helvetica, sans-serif;\">V oblasti \u0161portu sa venovala jazdeniu na koni a jej cie\u013eom bolo zvl\u00e1dnu\u0165 skoky na koni vo v\u00fd\u0161ke 70 a\u017e 80 cm. \u0160port mala ako hlavn\u00fa oblas\u0165, ktorej sa venovala 6 mesiacov, ale Edina jazdenie miluje a tento \u0161port na\u010falej vykon\u00e1va.<\/span><\/h3>\n<h3 style=\"text-align: justify;\"><span style=\"font-family: tahoma, arial, helvetica, sans-serif;\">Z\u00e1ujem o pe\u010denie a snahu zdokonali\u0165 sa v tomto umen\u00ed uplatnila v oblasti Rozvoj talentu, kde si vyt\u00fd\u010dila cie\u013e upiec\u0165 jednu tortu na z\u00e1ver 3 mesa\u010dnej aktivity. Po\u010das 12 t\u00fd\u017ed\u0148ov Edina pravidelne piekla a z\u00edskan\u00e9 zru\u010dnosti z\u00faro\u010dila v upe\u010den\u00ed torty na z\u00e1ver.&nbsp;<\/span><\/h3>\n<h3 style=\"text-align: justify;\"><span style=\"font-family: tahoma, arial, helvetica, sans-serif;\">V dobrovo\u013en\u00edctve pom\u00e1hala v \u010disten\u00ed kon\u00ed a okolo stajne a s ve\u013ek\u00fdm o\u010dak\u00e1van\u00edm sa vrhla do dobrodru\u017enej exped\u00edcie, ktor\u00e1 pre \u0148u bola najmotivuj\u00facej\u0161ou \u010das\u0165ou programu. Cvi\u010dn\u00e1 t\u00fara sa uskuto\u010dnila za\u010diatkom j\u00fana v pohor\u00ed Pili\u0161 a kvalifika\u010dn\u00e1 exped\u00edcia bola v pohor\u00ed Bakony s pr\u00edpravou a pomocou p\u00e1na u\u010dite\u013ea L\u00e1szl\u00f3a Pappa.<\/span><\/h3>\n<h3 style=\"text-align: justify;\"><span style=\"font-family: tahoma, arial, helvetica, sans-serif;\">Na z\u00e1ver by som dodala to\u013eko, \u017ee mottom programu Dofe je \u201cPracova\u0165 na sebe m\u00e1 cenu.\u201d Dnes si Edina m\u00f4\u017ee prebra\u0165 zasl\u00fa\u017een\u00fa cenu za svoju pr\u00e1cu, ale toto motto m\u00e1 aj hlb\u0161\u00ed v\u00fdznam a t\u00fdm je to, \u017ee ke\u010f \u010dlovek rozv\u00edja svoje schopnosti, \u0161portuje, venuje sa dobrovo\u013en\u00edctvu a za\u017eije dobrodru\u017estv\u00e1 s rovesn\u00edkmi, z\u00edskava tak\u00e9 sk\u00fasenosti a schopnosti, ktor\u00e9 maj\u00fa cenu aj na pracovnom trhu v podobe lep\u0161ej poz\u00edcie a platu.<\/span><\/h3>\n<h3 style=\"text-align: justify;\"><span style=\"font-family: tahoma, arial, helvetica, sans-serif;\">Gratulujeme Ti Edina a prajeme Ti vytrval\u00fa pr\u00e1cu aj na striebornej \u00farovni.<\/span><\/h3>\n<h3 style=\"text-align: right;\"><span style=\"font-family: tahoma, arial, helvetica, sans-serif;\">Katar\u00edna K\u00f3sov\u00e1, koordin\u00e1torka programu Dofe<\/span><\/h3>\n<p><img loading=\"lazy\" class=\"size-large wp-image-5881 aligncenter\" src=\"http:\/\/www.oagvm.sk\/wphu\/wp-content\/uploads\/2024\/10\/OAM_2512-1024x683.jpg\" alt=\"\" width=\"1024\" height=\"683\"><\/p>\n<h3>&nbsp;<\/h3>\n<h3 style=\"text-align: justify;\"><span style=\"color: #ff6600;\"><strong><span style=\"font-family: tahoma, arial, helvetica, sans-serif;\">Podunajsk\u00e1 cvi\u010dn\u00e1 dobrodru\u017en\u00e1 exped\u00edcia<\/span><\/strong><\/span><\/h3>\n<h3 style=\"text-align: justify;\"><span style=\"font-family: tahoma, arial, helvetica, sans-serif;\">Ako dobre viete, na na\u0161ej \u0161kole u\u017e roky funguje miestne centrum Medzin\u00e1rodnej ceny vojvodu z&nbsp;Edinburghu (DofE). V r\u00e1mci prest\u00ed\u017eneho programu sa v d\u0148och 10. a&nbsp;11. m\u00e1ja&nbsp; 2024 sa uskuto\u010dnila podunajsk\u00e1 dobrodru\u017en\u00e1 exped\u00edcia, ktorej hlavn\u00fdm cie\u013eom bolo obozn\u00e1mi\u0165 sa d\u00f4sledkami \u013eudskej \u010dinnosti v pr\u00edrode. \u00da\u010dastn\u00edkmi dvojd\u0148ovej exped\u00edcie boli Edina Gaty\u00e1s (II.B), Patrik K\u00f6les (II.B), Kriszti\u00e1n Czedli (II.B) a&nbsp;Rajmund Menyh\u00e1rt (I.B). \u010clenovia t\u00edmu po\u010das exped\u00edcie nav\u0161t\u00edvili &nbsp;N\u00e1rodn\u00fa pr\u00edrodn\u00fa rezerv\u00e1ciu \u010c\u00ed\u010dovsk\u00e9 m\u0155tve rameno a&nbsp;Ekofarmu BBROZ (Bratislavsk\u00e9 region\u00e1lne ochran\u00e1rske zdru\u017eenie) na Ve\u013ekol\u00e9lskom ostrove. Exped\u00edcia bola pre \u00fa\u010dastn\u00edkov fyzicky ve\u013emi n\u00e1ro\u010dn\u00e1, 45 kilometrov\u00fa trasu toti\u017e museli absolvova\u0165 pln\u00fdm batohom, pritom jednu noc str\u00e1vili v&nbsp;stanoch. \u010clenovia t\u00edmu dorazili domov unaven\u00ed, ale pln\u00ed z\u00e1\u017eitkov. Onedlho ich \u010dak\u00e1 trojd\u0148ov\u00e1 kvalifika\u010dn\u00e1 exped\u00edcia s n\u00e1zvom Vodn\u00e9 mlyny \u017ditn\u00e9ho ostrova.<\/span><\/h3>\n<h3 style=\"text-align: right;\"><span style=\"font-family: tahoma, arial, helvetica, sans-serif;\">L\u00e1szl\u00f3 Papp (\u0161kolite\u013e t\u00edmu)<\/span><\/h3>\n<p><img loading=\"lazy\" class=\"size-large wp-image-5883 aligncenter\" src=\"http:\/\/www.oagvm.sk\/wphu\/wp-content\/uploads\/2024\/10\/kaland-1024x768.jpg\" alt=\"\" width=\"1024\" height=\"768\"><\/p>\n","protected":false},"excerpt":{"rendered":"<p>&nbsp; &nbsp; \u00da\u010delov\u00e9 cvi\u010denie Ochrana \u017eivota a zdravia D\u0148a 14. septembra 2023 sa \u017eiaci Obchodnej akad\u00e9mie z\u00fa\u010dastnili ka\u017edoro\u010dne povinn\u00e9ho \u00fa\u010delov\u00e9ho cvi\u010denia, ktor\u00e9ho cie\u013eom bolo sprostredkovanie aktu\u00e1lnych poznatkov s\u00favisiacich s&nbsp;ochranou \u017eivota a&nbsp;zdravia a&nbsp;v\u00fdchova k&nbsp;ochrane pr\u00edrody. Kv\u00f4li da\u017ediv\u00e9mu po\u010dasiu sme bohu\u017eia\u013e boli n\u00faten\u00ed osta\u0165 v&nbsp;budove \u0161koly. \u017diaci vo svojich triedach sa pod doh\u013eadom pedag\u00f3gov zaoberali te\u00f3riou z&nbsp;nasledovn\u00fdch &#8230; <a title=\"Edinburgh \u2013 2023\/2024\" class=\"read-more\" href=\"http:\/\/www.oagvm.sk\/wpsk\/?page_id=4897\">\u010c\u00edta\u0165 viac<span class=\"screen-reader-text\">Edinburgh \u2013 2023\/2024<\/span><\/a><\/p>\n","protected":false},"author":2,"featured_media":0,"parent":2546,"menu_order":0,"comment_status":"closed","ping_status":"closed","template":"","meta":{"ngg_post_thumbnail":0},"_links":{"self":[{"href":"http:\/\/www.oagvm.sk\/wpsk\/index.php?rest_route=\/wp\/v2\/pages\/4897"}],"collection":[{"href":"http:\/\/www.oagvm.sk\/wpsk\/index.php?rest_route=\/wp\/v2\/pages"}],"about":[{"href":"http:\/\/www.oagvm.sk\/wpsk\/index.php?rest_route=\/wp\/v2\/types\/page"}],"author":[{"embeddable":true,"href":"http:\/\/www.oagvm.sk\/wpsk\/index.php?rest_route=\/wp\/v2\/users\/2"}],"replies":[{"embeddable":true,"href":"http:\/\/www.oagvm.sk\/wpsk\/index.php?rest_route=%2Fwp%2Fv2%2Fcomments&post=4897"}],"version-history":[{"count":15,"href":"http:\/\/www.oagvm.sk\/wpsk\/index.php?rest_route=\/wp\/v2\/pages\/4897\/revisions"}],"predecessor-version":[{"id":5033,"href":"http:\/\/www.oagvm.sk\/wpsk\/index.php?rest_route=\/wp\/v2\/pages\/4897\/revisions\/5033"}],"up":[{"embeddable":true,"href":"http:\/\/www.oagvm.sk\/wpsk\/index.php?rest_route=\/wp\/v2\/pages\/2546"}],"wp:attachment":[{"href":"http:\/\/www.oagvm.sk\/wpsk\/index.php?rest_route=%2Fwp%2Fv2%2Fmedia&parent=4897"}],"curies":[{"name":"wp","href":"https:\/\/api.w.org\/{rel}","templated":true}]}}

<h3><a href="http://www.oagvm.sk/wpsk/?page_id=2537"><img loading="lazy" class="alignnone size-full wp-image-2544" src="http://www.oagvm.sk/wpsk/wp-content/uploads/2021/07/unas.png" alt="" width="98" height="31"></a></h3>
<h3><a href="http://www.oagvm.sk/wpsk/?page_id=5009"><img loading="lazy" class="alignnone wp-image-5990 size-full" title="http://www.oagvm.sk/wphu/?page_id=6007" src="http://www.oagvm.sk/wphu/wp-content/uploads/2025/04/24-25.png" alt="" width="136" height="31"></a> <a href="http://www.oagvm.sk/wpsk/?page_id=4897"><img loading="lazy" class="alignnone wp-image-5863 size-full" src="http://www.oagvm.sk/wphu/wp-content/uploads/2024/10/23-24-1.png" alt="" width="136" height="31"></a> <a href="http://www.oagvm.sk/wpsk/?page_id=3514"><img loading="lazy" class="alignnone wp-image-5864 size-full" src="http://www.oagvm.sk/wphu/wp-content/uploads/2024/10/22-23-1.png" alt="" width="136" height="31"></a>&nbsp;</h3>
<h3><a href="http://www.oagvm.sk/wpsk/?page_id=3510"><img loading="lazy" class="alignnone size-full wp-image-3515" src="http://www.oagvm.sk/wphu/wp-content/uploads/2022/11/21-22-1.png" alt="" width="136" height="31"></a> <a href="http://www.oagvm.sk/wpsk/?page_id=2606"><img loading="lazy" class="alignnone size-full wp-image-2299" src="http://www.oagvm.sk/wphu/wp-content/uploads/2021/08/20-21.png" alt="" width="136" height="31"></a> <a href="http://www.oagvm.sk/wpsk/?page_id=2604"><img loading="lazy" class="alignnone size-full wp-image-2298" src="http://www.oagvm.sk/wphu/wp-content/uploads/2021/08/19-20.png" alt="" width="136" height="31"></a> <a href="http://www.oagvm.sk/wpsk/?page_id=2576"><img loading="lazy" class="alignnone size-full wp-image-2297" src="http://www.oagvm.sk/wphu/wp-content/uploads/2021/08/18-19.png" alt="" width="136" height="31"></a></h3>
<h3>&nbsp;</h3>
<h3 style="text-align: justify;"><span style="color: #ff6600;"><strong><span style="font-family: tahoma, arial, helvetica, sans-serif;">Účelové cvičenie Ochrana života a zdravia</span></strong></span></h3>
<h3 style="text-align: justify;"><span style="font-family: tahoma, arial, helvetica, sans-serif;">Dňa 14. septembra 2023 sa žiaci Obchodnej akadémie zúčastnili každoročne povinného účelového cvičenia, ktorého cieľom bolo sprostredkovanie aktuálnych poznatkov súvisiacich s&nbsp;ochranou života a&nbsp;zdravia a&nbsp;výchova k&nbsp;ochrane prírody.</span></h3>
<h3 style="text-align: justify;"><span style="font-family: tahoma, arial, helvetica, sans-serif;">Kvôli daždivému počasiu sme bohužiaľ boli nútení ostať v&nbsp;budove školy. Žiaci vo svojich triedach sa pod dohľadom pedagógov zaoberali teóriou z&nbsp;nasledovných oblastí:</span></h3>
<h3 style="text-align: justify;"><span style="font-family: tahoma, arial, helvetica, sans-serif;">zdravý životný štýl, pohyb a&nbsp;zdravie, význam športovania, voľba povolania, program „Medzinárodná cena&nbsp;<em>vojvodu z&nbsp;Edinburghu” a problematika ochrany prírody (program Zelená škola).</em></span></h3>
<h3 style="text-align: justify;"><span style="font-family: tahoma, arial, helvetica, sans-serif;">Prednášky boli doplnené multimediálnymi prezentáciami súvisiacimi s&nbsp;danou problematikou. Študentov zaujali predovšetkým informácie týkajúce sa zdravého životného štýlu, pohybu a&nbsp;zdravia.</span></h3>
<h3 style="text-align: right;"><span style="font-family: tahoma, arial, helvetica, sans-serif;"><em>Vojtech Hosszú</em>, učiteľ telesnej výchovy</span></h3>
<h3 style="text-align: right;"><span style="font-family: tahoma, arial, helvetica, sans-serif;"><em><img loading="lazy" class="size-full wp-image-5884 aligncenter" src="http://www.oagvm.sk/wphu/wp-content/uploads/2024/10/ismerteto.jpg" alt="" width="800" height="533"></em></span></h3>
<h3>&nbsp;</h3>
<h3 style="text-align: justify;"><strong><span style="font-family: tahoma, arial, helvetica, sans-serif; color: #ff6600;">Medzinárodná cena vojvodu z&nbsp;Edinburghu – bronzová cena</span></strong></h3>
<h3 style="text-align: justify;"><span style="font-family: tahoma, arial, helvetica, sans-serif;">Je pre nás potešením, že aj v tomto školskom roku môžeme oceniť húževnatosť, usilovnosť a vytrvalosť&nbsp; žiačky, ktorá program dokončila na bronzovej úrovni. Tou žiačkou je Edina Gatyášová z II.B triedy a ocenenie dnes získava za dosiahnutie vytýčených cieľov vo všetkých oblastiach v programe Dofe.&nbsp;</span></h3>
<h3 style="text-align: justify;"><span style="font-family: tahoma, arial, helvetica, sans-serif;">V oblasti športu sa venovala jazdeniu na koni a jej cieľom bolo zvládnuť skoky na koni vo výške 70 až 80 cm. Šport mala ako hlavnú oblasť, ktorej sa venovala 6 mesiacov, ale Edina jazdenie miluje a tento šport naďalej vykonáva.</span></h3>
<h3 style="text-align: justify;"><span style="font-family: tahoma, arial, helvetica, sans-serif;">Záujem o pečenie a snahu zdokonaliť sa v tomto umení uplatnila v oblasti Rozvoj talentu, kde si vytýčila cieľ upiecť jednu tortu na záver 3 mesačnej aktivity. Počas 12 týždňov Edina pravidelne piekla a získané zručnosti zúročila v upečení torty na záver.&nbsp;</span></h3>
<h3 style="text-align: justify;"><span style="font-family: tahoma, arial, helvetica, sans-serif;">V dobrovoľníctve pomáhala v čistení koní a okolo stajne a s veľkým očakávaním sa vrhla do dobrodružnej expedície, ktorá pre ňu bola najmotivujúcejšou časťou programu. Cvičná túra sa uskutočnila začiatkom júna v pohorí Piliš a kvalifikačná expedícia bola v pohorí Bakony s prípravou a pomocou pána učiteľa Lászlóa Pappa.</span></h3>
<h3 style="text-align: justify;"><span style="font-family: tahoma, arial, helvetica, sans-serif;">Na záver by som dodala toľko, že mottom programu Dofe je “Pracovať na sebe má cenu.” Dnes si Edina môže prebrať zaslúženú cenu za svoju prácu, ale toto motto má aj hlbší význam a tým je to, že keď človek rozvíja svoje schopnosti, športuje, venuje sa dobrovoľníctvu a zažije dobrodružstvá s rovesníkmi, získava také skúsenosti a schopnosti, ktoré majú cenu aj na pracovnom trhu v podobe lepšej pozície a platu.</span></h3>
<h3 style="text-align: justify;"><span style="font-family: tahoma, arial, helvetica, sans-serif;">Gratulujeme Ti Edina a prajeme Ti vytrvalú prácu aj na striebornej úrovni.</span></h3>
<h3 style="text-align: right;"><span style="font-family: tahoma, arial, helvetica, sans-serif;">Katarína Kósová, koordinátorka programu Dofe</span></h3>
<p><img loading="lazy" class="size-large wp-image-5881 aligncenter" src="http://www.oagvm.sk/wphu/wp-content/uploads/2024/10/OAM_2512-1024x683.jpg" alt="" width="1024" height="683"></p>
<h3>&nbsp;</h3>
<h3 style="text-align: justify;"><span style="color: #ff6600;"><strong><span style="font-family: tahoma, arial, helvetica, sans-serif;">Podunajská cvičná dobrodružná expedícia</span></strong></span></h3>
<h3 style="text-align: justify;"><span style="font-family: tahoma, arial, helvetica, sans-serif;">Ako dobre viete, na našej škole už roky funguje miestne centrum Medzinárodnej ceny vojvodu z&nbsp;Edinburghu (DofE). V rámci prestížneho programu sa v dňoch 10. a&nbsp;11. mája&nbsp; 2024 sa uskutočnila podunajská dobrodružná expedícia, ktorej hlavným cieľom bolo oboznámiť sa dôsledkami ľudskej činnosti v prírode. Účastníkmi dvojdňovej expedície boli Edina Gatyás (II.B), Patrik Köles (II.B), Krisztián Czedli (II.B) a&nbsp;Rajmund Menyhárt (I.B). Členovia tímu počas expedície navštívili &nbsp;Národnú prírodnú rezerváciu Číčovské mŕtve rameno a&nbsp;Ekofarmu BBROZ (Bratislavské regionálne ochranárske združenie) na Veľkolélskom ostrove. Expedícia bola pre účastníkov fyzicky veľmi náročná, 45 kilometrovú trasu totiž museli absolvovať plným batohom, pritom jednu noc strávili v&nbsp;stanoch. Členovia tímu dorazili domov unavení, ale plní zážitkov. Onedlho ich čaká trojdňová kvalifikačná expedícia s názvom Vodné mlyny Žitného ostrova.</span></h3>
<h3 style="text-align: right;"><span style="font-family: tahoma, arial, helvetica, sans-serif;">László Papp (školiteľ tímu)</span></h3>
<p><img loading="lazy" class="size-large wp-image-5883 aligncenter" src="http://www.oagvm.sk/wphu/wp-content/uploads/2024/10/kaland-1024x768.jpg" alt="" width="1024" height="768"></p>

<p>&nbsp; &nbsp; Účelové cvičenie Ochrana života a zdravia Dňa 14. septembra 2023 sa žiaci Obchodnej akadémie zúčastnili každoročne povinného účelového cvičenia, ktorého cieľom bolo sprostredkovanie aktuálnych poznatkov súvisiacich s&nbsp;ochranou života a&nbsp;zdravia a&nbsp;výchova k&nbsp;ochrane prírody. Kvôli daždivému počasiu sme bohužiaľ boli nútení ostať v&nbsp;budove školy. Žiaci vo svojich triedach sa pod dohľadom pedagógov zaoberali teóriou z&nbsp;nasledovných &#8230; <a title="Edinburgh – 2023/2024" class="read-more" href="http://www.oagvm.sk/wpsk/?page_id=4897">Čítať viac<span class="screen-reader-text">Edinburgh – 2023/2024</span></a></p>
