{"id":5435,"date":"2026-02-24T11:23:47","date_gmt":"2026-02-24T10:23:47","guid":{"rendered":"http:\/\/www.oagvm.sk\/wpsk\/?page_id=5435"},"modified":"2026-04-01T15:10:01","modified_gmt":"2026-04-01T13:10:01","slug":"pedagogicka-rada","status":"publish","type":"page","link":"http:\/\/www.oagvm.sk\/wpsk\/?page_id=5435","title":{"rendered":"Pedagogick\u00e1 rada"},"content":{"rendered":"<p><span style=\"font-family: arial, helvetica, sans-serif; color: #ffcc00;\"><br \/>\n<span style=\"color: #ff6600;\"><a style=\"color: #ff6600;\" href=\"http:\/\/www.oagvm.sk\/wpsk\/wp-content\/uploads\/2026\/04\/Zapisnica-z-pracovnej-porady-17.03.2026-webre.pdf\">Z\u00e1pisnica z pracovnej porady konanej d\u0148a 17.03.2026<\/a><\/span><\/span><\/p>\n<p><span style=\"font-family: arial, helvetica, sans-serif; color: #ff6600;\"><a style=\"color: #ff6600;\" href=\"http:\/\/www.oagvm.sk\/wpsk\/wp-content\/uploads\/2026\/04\/Prezencna-listina-pracovenj-porady-zo-dna-17.03.2026.pdf\">Prezen\u010dn\u00e1 listina pracovnej porady zo d\u0148a 17.03.2026<\/a><\/span><\/p>\n<hr>\n<p><span style=\"font-family: arial, helvetica, sans-serif; color: #ff6600;\"><a style=\"color: #ff6600;\" href=\"http:\/\/www.oagvm.sk\/wpsk\/wp-content\/uploads\/2026\/02\/Zapisnica-z-polrocnej-klasifikacnej-porady-27.01.2026.pdf\">Z\u00e1pisnica z polro\u010dnej klasifika\u010dnej porady 27.01.2026<\/a><\/span><\/p>\n<p><span style=\"font-family: arial, helvetica, sans-serif; color: #ff6600;\"><a style=\"color: #ff6600;\" href=\"http:\/\/www.oagvm.sk\/wpsk\/wp-content\/uploads\/2026\/02\/Prezencna-listina-klasifikacnej-porady-zo-dna-27.01.2026.pdf\">Prezen\u010dn\u00e1 listina klasifika\u010dnej porady zo d\u0148a 27.01.2026<\/a><\/span><\/p>\n<hr>\n<p><span style=\"font-family: arial, helvetica, sans-serif;\"><a href=\"http:\/\/www.oagvm.sk\/wphu\/wp-content\/uploads\/2026\/02\/Zapisnica-z-pracovnej-porady-konanej-dna-13.01.2026.pdf\">Z\u00e1pisnica z pracovnej porady konanej d\u0148a 13.01.2026<\/a><\/span><\/p>\n<p><span style=\"font-family: arial, helvetica, sans-serif;\"><a href=\"http:\/\/www.oagvm.sk\/wpsk\/wp-content\/uploads\/2026\/02\/Prezencna-listina-z-pracovnej-porady-zo-dna-13.01.2026.pdf\">Prezen\u010dn\u00e1 listina z pracovnej porady zo d\u0148a 13.01.2026<\/a><\/span><\/p>\n<hr>\n<p>&nbsp;<\/p>\n","protected":false},"excerpt":{"rendered":"<p>Z\u00e1pisnica z pracovnej porady konanej d\u0148a 17.03.2026 Prezen\u010dn\u00e1 listina pracovnej porady zo d\u0148a 17.03.2026 Z\u00e1pisnica z polro\u010dnej klasifika\u010dnej porady 27.01.2026 Prezen\u010dn\u00e1 listina klasifika\u010dnej porady zo d\u0148a 27.01.2026 Z\u00e1pisnica z pracovnej porady konanej d\u0148a 13.01.2026 Prezen\u010dn\u00e1 listina z pracovnej porady zo d\u0148a 13.01.2026 &nbsp;<\/p>\n","protected":false},"author":2,"featured_media":0,"parent":5439,"menu_order":0,"comment_status":"closed","ping_status":"closed","template":"","meta":{"ngg_post_thumbnail":0},"_links":{"self":[{"href":"http:\/\/www.oagvm.sk\/wpsk\/index.php?rest_route=\/wp\/v2\/pages\/5435"}],"collection":[{"href":"http:\/\/www.oagvm.sk\/wpsk\/index.php?rest_route=\/wp\/v2\/pages"}],"about":[{"href":"http:\/\/www.oagvm.sk\/wpsk\/index.php?rest_route=\/wp\/v2\/types\/page"}],"author":[{"embeddable":true,"href":"http:\/\/www.oagvm.sk\/wpsk\/index.php?rest_route=\/wp\/v2\/users\/2"}],"replies":[{"embeddable":true,"href":"http:\/\/www.oagvm.sk\/wpsk\/index.php?rest_route=%2Fwp%2Fv2%2Fcomments&post=5435"}],"version-history":[{"count":19,"href":"http:\/\/www.oagvm.sk\/wpsk\/index.php?rest_route=\/wp\/v2\/pages\/5435\/revisions"}],"predecessor-version":[{"id":5489,"href":"http:\/\/www.oagvm.sk\/wpsk\/index.php?rest_route=\/wp\/v2\/pages\/5435\/revisions\/5489"}],"up":[{"embeddable":true,"href":"http:\/\/www.oagvm.sk\/wpsk\/index.php?rest_route=\/wp\/v2\/pages\/5439"}],"wp:attachment":[{"href":"http:\/\/www.oagvm.sk\/wpsk\/index.php?rest_route=%2Fwp%2Fv2%2Fmedia&parent=5435"}],"curies":[{"name":"wp","href":"https:\/\/api.w.org\/{rel}","templated":true}]}}