{"id":1703,"date":"2025-11-17T20:43:59","date_gmt":"2025-11-17T19:43:59","guid":{"rendered":"http:\/\/www.oagvm.sk\/wpzs\/?page_id=1703"},"modified":"2025-11-17T20:45:25","modified_gmt":"2025-11-17T19:45:25","slug":"nem-csak-a-labnyomunkat-hagytuk-itt-nezanechali-sme-tu-iba-svoje-stopy","status":"publish","type":"page","link":"http:\/\/www.oagvm.sk\/wpzs\/?page_id=1703","title":{"rendered":"2022\/2023"},"content":{"rendered":"<h3><span style=\"font-family: tahoma, arial, helvetica, sans-serif; color: #339966;\"><strong>Nem csak a l\u00e1bnyomunkat hagytuk itt \u2026<\/strong><\/span><\/h3>\n<h3><span style=\"font-family: tahoma, arial, helvetica, sans-serif;\">Mint a 4. C oszt\u00e1ly ballag\u00f3 di\u00e1kjai az utols\u00f3 iskola napunkon egy d\u00edszgalagony\u00e1val gazdag\u00edtottuk az iskola udvar\u00e1t.<\/span><\/h3>\n<h3><span style=\"font-family: tahoma, arial, helvetica, sans-serif;\">Az\u00e9rt volt k\u00fcl\u00f6n\u00f6sen fontos az oszt\u00e1lyunknak ez a k\u00f6rnyezettudatos eml\u00e9k, mivel a \u201eZ\u00f6ld iskola\u201d program keret\u00e9n bel\u00fcl az el\u0151z\u0151 3 tan\u00e9vben 3 alkalommal is elnyert\u00fck a \u201eZ\u00f6ld oszt\u00e1ly\u201d c\u00edmet.<\/span><\/h3>\n<h3><span style=\"font-family: tahoma, arial, helvetica, sans-serif;\">Mostant\u00f3l aki bel\u00e9p az iskola ter\u00fclet\u00e9re, az l\u00e1thatja a facsemet\u00e9nket.<\/span><\/h3>\n<h3><span style=\"font-family: tahoma, arial, helvetica, sans-serif;\">Dobosi D\u00f3ra IV. C<\/span><\/h3>\n<h3><\/h3>\n<h3><span style=\"font-family: tahoma, arial, helvetica, sans-serif; color: #339966;\"><strong>Nezanechali sme tu iba svoje stopy&#8230;<\/strong><\/span><\/h3>\n<h3><span style=\"font-family: tahoma, arial, helvetica, sans-serif;\">Ako kon\u010diaci \u017eiaci 4. C triedy sme v posledn\u00fd \u0161kolsk\u00fd de\u0148 obohatili \u0161kolsk\u00fd dvor o ozdobn\u00fd hloh.<\/span><\/h3>\n<h3><span style=\"font-family: tahoma, arial, helvetica, sans-serif;\">T\u00e1to ekologicky uvedomel\u00e1 spomienka bola pre na\u0161u triedu obzvl\u00e1\u0161\u0165 d\u00f4le\u017eit\u00e1, ke\u010f\u017ee v\u00a0predch\u00e1dzaj\u00facich 3 rokoch sme v r\u00e1mci programu \u201eZelen\u00e1 \u0161kola\u201c z\u00edskali titul \u201eZelen\u00e1 trieda\u201c.<\/span><\/h3>\n<h3><span style=\"font-family: tahoma, arial, helvetica, sans-serif;\">Odteraz n\u00e1\u0161 strom\u010dek m\u00f4\u017ee vidie\u0165 ka\u017ed\u00fd, kto vst\u00fapi do are\u00e1lu \u0161koly.<\/span><\/h3>\n<h3><span style=\"font-family: tahoma, arial, helvetica, sans-serif;\">D\u00f3ra Dobosi IV. C<\/span><\/h3>\n<h3><span style=\"font-family: tahoma, arial, helvetica, sans-serif;\"><div id=\"metaslider-id-1705\" style=\"max-width: 801px; margin: 0 auto;\" class=\"ml-slider-3-15-3 metaslider metaslider-flex metaslider-1705 ml-slider nav-hidden\">\n    <div id=\"metaslider_container_1705\">\n        <div id=\"metaslider_1705\">\n            <ul aria-live=\"polite\" class=\"slides\">\n                <li style=\"display: block; width: 100%;\" class=\"slide-1711 ms-image\"><img width=\"450\" height=\"800\" src=\"http:\/\/www.oagvm.sk\/wpzs\/wp-content\/uploads\/2025\/11\/faultetes-01.jpg\" class=\"slider-1705 slide-1711\" alt=\"\" loading=\"lazy\" rel=\"\" title=\"faultetes-01\" srcset=\"http:\/\/www.oagvm.sk\/wpzs\/wp-content\/uploads\/2025\/11\/faultetes-01.jpg 450w, http:\/\/www.oagvm.sk\/wpzs\/wp-content\/uploads\/2025\/11\/faultetes-01-169x300.jpg 169w\" sizes=\"(max-width: 450px) 100vw, 450px\" \/><\/li>\n                <li style=\"display: none; width: 100%;\" class=\"slide-1712 ms-image\"><img width=\"450\" height=\"800\" src=\"http:\/\/www.oagvm.sk\/wpzs\/wp-content\/uploads\/2025\/11\/faultetes-02.jpg\" class=\"slider-1705 slide-1712\" alt=\"\" loading=\"lazy\" rel=\"\" title=\"faultetes-02\" srcset=\"http:\/\/www.oagvm.sk\/wpzs\/wp-content\/uploads\/2025\/11\/faultetes-02.jpg 450w, http:\/\/www.oagvm.sk\/wpzs\/wp-content\/uploads\/2025\/11\/faultetes-02-169x300.jpg 169w\" sizes=\"(max-width: 450px) 100vw, 450px\" \/><\/li>\n                <li style=\"display: none; width: 100%;\" class=\"slide-1713 ms-image\"><img width=\"800\" height=\"450\" src=\"http:\/\/www.oagvm.sk\/wpzs\/wp-content\/uploads\/2025\/11\/faultetes-03.jpg\" class=\"slider-1705 slide-1713\" alt=\"\" loading=\"lazy\" rel=\"\" title=\"faultetes-03\" srcset=\"http:\/\/www.oagvm.sk\/wpzs\/wp-content\/uploads\/2025\/11\/faultetes-03.jpg 800w, http:\/\/www.oagvm.sk\/wpzs\/wp-content\/uploads\/2025\/11\/faultetes-03-300x169.jpg 300w, http:\/\/www.oagvm.sk\/wpzs\/wp-content\/uploads\/2025\/11\/faultetes-03-768x432.jpg 768w\" sizes=\"(max-width: 800px) 100vw, 800px\" \/><\/li>\n                <li style=\"display: none; width: 100%;\" class=\"slide-1714 ms-image\"><img width=\"600\" height=\"800\" src=\"http:\/\/www.oagvm.sk\/wpzs\/wp-content\/uploads\/2025\/11\/faultetes-04.jpg\" class=\"slider-1705 slide-1714\" alt=\"\" loading=\"lazy\" rel=\"\" title=\"faultetes-04\" srcset=\"http:\/\/www.oagvm.sk\/wpzs\/wp-content\/uploads\/2025\/11\/faultetes-04.jpg 600w, http:\/\/www.oagvm.sk\/wpzs\/wp-content\/uploads\/2025\/11\/faultetes-04-225x300.jpg 225w\" sizes=\"(max-width: 600px) 100vw, 600px\" \/><\/li>\n                <li style=\"display: none; width: 100%;\" class=\"slide-1715 ms-image\"><img width=\"600\" height=\"800\" src=\"http:\/\/www.oagvm.sk\/wpzs\/wp-content\/uploads\/2025\/11\/faultetes-05.jpg\" class=\"slider-1705 slide-1715\" alt=\"\" loading=\"lazy\" rel=\"\" title=\"faultetes-05\" srcset=\"http:\/\/www.oagvm.sk\/wpzs\/wp-content\/uploads\/2025\/11\/faultetes-05.jpg 600w, http:\/\/www.oagvm.sk\/wpzs\/wp-content\/uploads\/2025\/11\/faultetes-05-225x300.jpg 225w\" sizes=\"(max-width: 600px) 100vw, 600px\" \/><\/li>\n            <\/ul>\n        <\/div>\n        \n    <\/div>\n<\/div><\/span><\/h3>\n<h3><\/h3>\n","protected":false},"excerpt":{"rendered":"<p>Nem csak a l\u00e1bnyomunkat hagytuk itt \u2026 Mint a 4. C oszt\u00e1ly ballag\u00f3 di\u00e1kjai az utols\u00f3 iskola napunkon egy d\u00edszgalagony\u00e1val gazdag\u00edtottuk az iskola udvar\u00e1t. Az\u00e9rt volt k\u00fcl\u00f6n\u00f6sen fontos az oszt\u00e1lyunknak ez a k\u00f6rnyezettudatos eml\u00e9k, mivel a \u201eZ\u00f6ld iskola\u201d program keret\u00e9n bel\u00fcl az el\u0151z\u0151 3 tan\u00e9vben 3 alkalommal is elnyert\u00fck a \u201eZ\u00f6ld oszt\u00e1ly\u201d c\u00edmet. Mostant\u00f3l aki &#8230; <a title=\"2022\/2023\" class=\"read-more\" href=\"http:\/\/www.oagvm.sk\/wpzs\/?page_id=1703\">Olvass tov\u00e1bb<span class=\"screen-reader-text\">2022\/2023<\/span><\/a><\/p>\n","protected":false},"author":1,"featured_media":0,"parent":0,"menu_order":0,"comment_status":"closed","ping_status":"closed","template":"","meta":[],"_links":{"self":[{"href":"http:\/\/www.oagvm.sk\/wpzs\/index.php?rest_route=\/wp\/v2\/pages\/1703"}],"collection":[{"href":"http:\/\/www.oagvm.sk\/wpzs\/index.php?rest_route=\/wp\/v2\/pages"}],"about":[{"href":"http:\/\/www.oagvm.sk\/wpzs\/index.php?rest_route=\/wp\/v2\/types\/page"}],"author":[{"embeddable":true,"href":"http:\/\/www.oagvm.sk\/wpzs\/index.php?rest_route=\/wp\/v2\/users\/1"}],"replies":[{"embeddable":true,"href":"http:\/\/www.oagvm.sk\/wpzs\/index.php?rest_route=%2Fwp%2Fv2%2Fcomments&post=1703"}],"version-history":[{"count":3,"href":"http:\/\/www.oagvm.sk\/wpzs\/index.php?rest_route=\/wp\/v2\/pages\/1703\/revisions"}],"predecessor-version":[{"id":1718,"href":"http:\/\/www.oagvm.sk\/wpzs\/index.php?rest_route=\/wp\/v2\/pages\/1703\/revisions\/1718"}],"wp:attachment":[{"href":"http:\/\/www.oagvm.sk\/wpzs\/index.php?rest_route=%2Fwp%2Fv2%2Fmedia&parent=1703"}],"curies":[{"name":"wp","href":"https:\/\/api.w.org\/{rel}","templated":true}]}}